Last updated on 2024-03-28 23:55:13 CET.
Flavor | Version | Tinstall | Tcheck | Ttotal | Status | Flags |
---|---|---|---|---|---|---|
r-devel-linux-x86_64-debian-clang | 1.0.1 | 9.16 | 75.38 | 84.54 | NOTE | |
r-devel-linux-x86_64-debian-gcc | 1.0.1 | 7.45 | 56.39 | 63.84 | NOTE | |
r-devel-linux-x86_64-fedora-clang | 1.0.1 | 104.28 | NOTE | |||
r-devel-linux-x86_64-fedora-gcc | 1.0.1 | 99.94 | NOTE | |||
r-devel-windows-x86_64 | 1.0.1 | 10.00 | 72.00 | 82.00 | NOTE | |
r-patched-linux-x86_64 | 1.0.1 | 6.49 | 73.08 | 79.57 | NOTE | |
r-release-linux-x86_64 | 1.0.1 | 6.43 | 73.23 | 79.66 | OK | |
r-release-macos-arm64 | 1.0.1 | 39.00 | OK | |||
r-release-macos-x86_64 | 1.0.1 | 57.00 | OK | |||
r-release-windows-x86_64 | 1.0.1 | 13.00 | 86.00 | 99.00 | OK | |
r-oldrel-macos-arm64 | 1.0.1 | 35.00 | NOTE | |||
r-oldrel-windows-x86_64 | 1.0.1 | 12.00 | 92.00 | 104.00 | OK |
Version: 1.0.1
Check: Rd files
Result: NOTE
checkRd: (-1) networktree.Rd:56: Lost braces; missing escapes or markup?
56 | with a matrix response {y}. \code{x1} and \code{x2} are used as
| ^
Flavors: r-devel-linux-x86_64-debian-clang, r-devel-linux-x86_64-debian-gcc, r-devel-linux-x86_64-fedora-clang, r-devel-linux-x86_64-fedora-gcc, r-devel-windows-x86_64, r-patched-linux-x86_64
Version: 1.0.1
Check: data for non-ASCII characters
Result: NOTE
Note: found 2 marked Latin-1 strings
Flavors: r-devel-linux-x86_64-fedora-clang, r-devel-linux-x86_64-fedora-gcc, r-oldrel-macos-arm64