CRAN Package Check Results for Package neurocInstall

Last updated on 2021-11-30 20:49:23 CET.

Flavor Version Tinstall Tcheck Ttotal Status Flags
r-devel-linux-x86_64-debian-clang 0.12.0 5.94 55.03 60.97 NOTE
r-devel-linux-x86_64-debian-gcc 0.12.0 4.82 41.10 45.92 NOTE
r-devel-linux-x86_64-fedora-clang 0.12.0 84.33 NOTE
r-devel-linux-x86_64-fedora-gcc 0.12.0 73.51 NOTE
r-devel-windows-x86_64-new-UL 0.12.0 12.00 98.00 110.00 NOTE
r-devel-windows-x86_64-new-TK 0.12.0 NOTE
r-devel-windows-x86_64-old 0.12.0 11.00 65.00 76.00 NOTE
r-patched-linux-x86_64 0.12.0 6.71 52.01 58.72 NOTE
r-patched-solaris-x86 0.12.0 99.10 NOTE
r-release-linux-x86_64 0.12.0 5.53 52.24 57.77 NOTE
r-release-macos-arm64 0.12.0 NOTE
r-release-macos-x86_64 0.12.0 NOTE
r-release-windows-ix86+x86_64 0.12.0 16.00 61.00 77.00 NOTE
r-oldrel-macos-x86_64 0.12.0 OK
r-oldrel-windows-ix86+x86_64 0.12.0 10.00 77.00 87.00 OK

Check Details

Version: 0.12.0
Check: LazyData
Result: NOTE
     'LazyData' is specified without a 'data' directory
Flavors: r-devel-linux-x86_64-debian-clang, r-devel-linux-x86_64-debian-gcc, r-devel-linux-x86_64-fedora-clang, r-devel-linux-x86_64-fedora-gcc, r-devel-windows-x86_64-new-UL, r-devel-windows-x86_64-new-TK, r-devel-windows-x86_64-old, r-patched-linux-x86_64, r-patched-solaris-x86, r-release-linux-x86_64, r-release-macos-arm64, r-release-macos-x86_64, r-release-windows-ix86+x86_64