CRAN Package Check Results for Package nfl4th

Last updated on 2021-10-18 12:58:21 CEST.

Flavor Version Tinstall Tcheck Ttotal Status Flags
r-devel-linux-x86_64-debian-clang 1.0.0 14.50 128.73 143.23 NOTE
r-devel-linux-x86_64-debian-gcc 1.0.1 12.04 99.57 111.61 OK
r-devel-linux-x86_64-fedora-clang 1.0.1 179.74 OK
r-devel-linux-x86_64-fedora-gcc 1.0.1 163.34 OK
r-devel-windows-x86_64 1.0.0 30.00 173.00 203.00 NOTE
r-devel-windows-x86_64-gcc10-UCRT 1.0.0 NOTE
r-patched-linux-x86_64 1.0.0 14.68 118.68 133.36 NOTE
r-patched-solaris-x86 1.0.1 241.40 OK
r-release-linux-x86_64 1.0.0 13.55 119.45 133.00 NOTE
r-release-macos-arm64 1.0.0 NOTE
r-release-macos-x86_64 1.0.1 OK
r-release-windows-ix86+x86_64 1.0.1 28.00 115.00 143.00 OK
r-oldrel-macos-x86_64 1.0.1 OK
r-oldrel-windows-ix86+x86_64 1.0.1 30.00 130.00 160.00 OK

Check Details

Version: 1.0.0
Check: LazyData
Result: NOTE
     'LazyData' is specified without a 'data' directory
Flavors: r-devel-linux-x86_64-debian-clang, r-devel-windows-x86_64, r-devel-windows-x86_64-gcc10-UCRT, r-patched-linux-x86_64, r-release-linux-x86_64, r-release-macos-arm64