Last updated on 2024-03-28 23:55:13 CET.
Flavor | Version | Tinstall | Tcheck | Ttotal | Status | Flags |
---|---|---|---|---|---|---|
r-devel-linux-x86_64-debian-clang | 1.4.0 | 6.45 | 89.01 | 95.46 | OK | |
r-devel-linux-x86_64-debian-gcc | 1.4.0 | 3.97 | 69.13 | 73.10 | OK | |
r-devel-linux-x86_64-fedora-clang | 1.4.0 | 126.13 | NOTE | |||
r-devel-linux-x86_64-fedora-gcc | 1.4.0 | 131.47 | OK | |||
r-devel-windows-x86_64 | 1.4.0 | 6.00 | 111.00 | 117.00 | OK | |
r-patched-linux-x86_64 | 1.4.0 | 5.87 | 89.06 | 94.93 | OK | |
r-release-linux-x86_64 | 1.4.0 | 6.15 | 87.94 | 94.09 | OK | |
r-release-macos-arm64 | 1.4.0 | 71.00 | OK | |||
r-release-macos-x86_64 | 1.4.0 | 154.00 | OK | |||
r-release-windows-x86_64 | 1.4.0 | 8.00 | 120.00 | 128.00 | OK | |
r-oldrel-macos-arm64 | 1.4.0 | 47.00 | OK | |||
r-oldrel-windows-x86_64 | 1.4.0 | 9.00 | 117.00 | 126.00 | OK |
Version: 1.4.0
Check: Rd cross-references
Result: NOTE
Undeclared package ‘yaml’ in Rd xrefs
Flavor: r-devel-linux-x86_64-fedora-clang