CRAN Package Check Results for Package niaidMI

Last updated on 2024-06-17 00:50:06 CEST.

Flavor Version Tinstall Tcheck Ttotal Status Flags
r-devel-linux-x86_64-debian-clang 1.1.0 21.07 273.58 294.65 NOTE
r-devel-linux-x86_64-debian-gcc 1.1.0 13.23 177.59 190.82 NOTE
r-devel-linux-x86_64-fedora-clang 1.1.0 364.57 NOTE
r-devel-linux-x86_64-fedora-gcc 1.1.0 347.24 NOTE
r-devel-windows-x86_64 1.1.0 16.00 194.00 210.00 NOTE
r-patched-linux-x86_64 1.1.0 18.86 261.98 280.84 NOTE
r-release-linux-x86_64 1.1.0 16.74 263.09 279.83 NOTE
r-release-macos-arm64 1.1.0 70.00 NOTE
r-release-macos-x86_64 1.1.0 130.00 NOTE
r-release-windows-x86_64 1.1.0 16.00 186.00 202.00 NOTE
r-oldrel-macos-arm64 1.1.0 80.00 OK
r-oldrel-macos-x86_64 1.1.0 145.00 OK
r-oldrel-windows-x86_64 1.1.0 19.00 249.00 268.00 OK

Check Details

Version: 1.1.0
Check: Rd files
Result: NOTE checkRd: (-1) bootstrap_param_est.Rd:52: Lost braces in \itemize; meant \describe ? checkRd: (-1) bootstrap_param_est.Rd:53: Lost braces in \itemize; meant \describe ? checkRd: (-1) bootstrap_param_est.Rd:54: Lost braces in \itemize; meant \describe ? checkRd: (-1) get_emission.Rd:25: Lost braces in \itemize; meant \describe ? checkRd: (-1) get_emission.Rd:26: Lost braces in \itemize; meant \describe ? checkRd: (-1) get_emission.Rd:27: Lost braces in \itemize; meant \describe ? checkRd: (-1) impute.Rd:51: Lost braces in \itemize; meant \describe ? checkRd: (-1) impute.Rd:52: Lost braces in \itemize; meant \describe ? checkRd: (-1) impute.Rd:53: Lost braces in \itemize; meant \describe ? checkRd: (-1) impute_ref.Rd:54: Lost braces in \itemize; meant \describe ? checkRd: (-1) impute_ref.Rd:55: Lost braces in \itemize; meant \describe ? checkRd: (-1) impute_ref.Rd:56: Lost braces in \itemize; meant \describe ? checkRd: (-1) sim_data.Rd:42: Lost braces in \itemize; \value handles \item{}{} directly checkRd: (-1) sim_data.Rd:43: Lost braces in \itemize; \value handles \item{}{} directly checkRd: (-1) sim_data.Rd:44: Lost braces in \itemize; \value handles \item{}{} directly Flavors: r-devel-linux-x86_64-debian-clang, r-devel-linux-x86_64-debian-gcc, r-devel-linux-x86_64-fedora-clang, r-devel-linux-x86_64-fedora-gcc, r-devel-windows-x86_64, r-patched-linux-x86_64, r-release-linux-x86_64, r-release-macos-arm64, r-release-macos-x86_64, r-release-windows-x86_64