Last updated on 2024-04-23 16:58:22 CEST.
Flavor | Version | Tinstall | Tcheck | Ttotal | Status | Flags |
---|---|---|---|---|---|---|
r-devel-linux-x86_64-debian-clang | 0.6.2 | 4.31 | 59.55 | 63.86 | NOTE | |
r-devel-linux-x86_64-debian-gcc | 0.6.2 | 5.15 | 45.26 | 50.41 | NOTE | |
r-devel-linux-x86_64-fedora-clang | 0.6.2 | 82.38 | NOTE | |||
r-devel-linux-x86_64-fedora-gcc | 0.6.2 | 78.28 | NOTE | |||
r-prerel-macos-arm64 | 0.6.2 | 25.00 | NOTE | |||
r-prerel-windows-x86_64 | 0.6.2 | 8.00 | 68.00 | 76.00 | NOTE | |
r-patched-linux-x86_64 | 0.6.2 | 6.93 | 57.45 | 64.38 | NOTE | |
r-release-linux-x86_64 | 0.6.2 | 6.49 | 57.70 | 64.19 | NOTE | |
r-release-macos-arm64 | 0.6.2 | 28.00 | NOTE | |||
r-release-macos-x86_64 | 0.6.2 | 40.00 | NOTE | |||
r-release-windows-x86_64 | 0.6.2 | 9.00 | 76.00 | 85.00 | NOTE | |
r-oldrel-macos-arm64 | 0.6.2 | 27.00 | NOTE | |||
r-oldrel-windows-x86_64 | 0.6.2 | 9.00 | 76.00 | 85.00 | NOTE |
Version: 0.6.2
Check: LazyData
Result: NOTE
'LazyData' is specified without a 'data' directory
Flavors: r-devel-linux-x86_64-debian-clang, r-devel-linux-x86_64-debian-gcc, r-devel-linux-x86_64-fedora-clang, r-devel-linux-x86_64-fedora-gcc, r-prerel-macos-arm64, r-prerel-windows-x86_64, r-patched-linux-x86_64, r-release-linux-x86_64, r-release-macos-arm64, r-release-macos-x86_64, r-release-windows-x86_64, r-oldrel-macos-arm64, r-oldrel-windows-x86_64