Last updated on 2024-03-27 23:59:50 CET.
Flavor | Version | Tinstall | Tcheck | Ttotal | Status | Flags |
---|---|---|---|---|---|---|
r-devel-linux-x86_64-debian-clang | 0.2.5 | 20.94 | 169.02 | 189.96 | NOTE | |
r-devel-linux-x86_64-debian-gcc | 0.2.5 | 17.21 | 129.12 | 146.33 | NOTE | |
r-devel-linux-x86_64-fedora-clang | 0.2.5 | 247.37 | NOTE | |||
r-devel-linux-x86_64-fedora-gcc | 0.2.5 | 243.45 | NOTE | |||
r-devel-windows-x86_64 | 0.2.5 | 18.00 | 136.00 | 154.00 | NOTE | |
r-patched-linux-x86_64 | 0.2.5 | 30.62 | 171.85 | 202.47 | OK | |
r-release-linux-x86_64 | 0.2.5 | 20.15 | 174.35 | 194.50 | OK | |
r-release-macos-arm64 | 0.2.5 | 79.00 | OK | |||
r-release-macos-x86_64 | 0.2.5 | 170.00 | OK | |||
r-release-windows-x86_64 | 0.2.5 | 24.00 | 170.00 | 194.00 | OK | |
r-oldrel-macos-arm64 | 0.2.5 | 73.00 | OK | |||
r-oldrel-windows-x86_64 | 0.2.5 | 26.00 | 173.00 | 199.00 | OK |
Version: 0.2.5
Check: Rd files
Result: NOTE
checkRd: (-1) postPredSPD.Rd:53: Lost braces in \itemize; \value handles \item{}{} directly
checkRd: (-1) postPredSPD.Rd:54: Lost braces in \itemize; \value handles \item{}{} directly
Flavors: r-devel-linux-x86_64-debian-clang, r-devel-linux-x86_64-debian-gcc, r-devel-linux-x86_64-fedora-clang, r-devel-linux-x86_64-fedora-gcc, r-devel-windows-x86_64