Last updated on 2024-04-20 00:56:16 CEST.
Flavor | Version | Tinstall | Tcheck | Ttotal | Status | Flags |
---|---|---|---|---|---|---|
r-devel-linux-x86_64-debian-clang | 0.3.2 | 8.09 | 61.21 | 69.30 | OK | |
r-devel-linux-x86_64-debian-gcc | 0.3.2 | OK | ||||
r-devel-linux-x86_64-fedora-clang | 0.3.2 | 88.13 | NOTE | |||
r-devel-linux-x86_64-fedora-gcc | 0.3.2 | 97.36 | NOTE | |||
r-prerel-macos-arm64 | 0.3.2 | 41.00 | OK | |||
r-prerel-windows-x86_64 | 0.3.2 | 9.00 | 69.00 | 78.00 | OK | |
r-patched-linux-x86_64 | 0.3.2 | 6.00 | 57.80 | 63.80 | OK | |
r-release-linux-x86_64 | 0.3.2 | 4.23 | 56.25 | 60.48 | OK | |
r-release-macos-arm64 | 0.3.2 | 38.00 | OK | |||
r-release-macos-x86_64 | 0.3.2 | 56.00 | OK | |||
r-release-windows-x86_64 | 0.3.2 | 9.00 | 73.00 | 82.00 | OK | |
r-oldrel-macos-arm64 | 0.3.2 | 32.00 | NOTE | |||
r-oldrel-windows-x86_64 | 0.3.2 | 9.00 | 96.00 | 105.00 | OK |
Version: 0.3.2
Check: data for non-ASCII characters
Result: NOTE
Note: found 4 marked UTF-8 strings
Flavors: r-devel-linux-x86_64-fedora-clang, r-devel-linux-x86_64-fedora-gcc, r-oldrel-macos-arm64