Last updated on 2024-04-19 01:04:44 CEST.
Flavor | Version | Tinstall | Tcheck | Ttotal | Status | Flags |
---|---|---|---|---|---|---|
r-devel-linux-x86_64-debian-clang | 2.6 | 42.74 | 310.34 | 353.08 | NOTE | |
r-devel-linux-x86_64-debian-gcc | 2.6 | 34.18 | 214.71 | 248.89 | NOTE | |
r-devel-linux-x86_64-fedora-clang | 2.6 | 435.65 | NOTE | |||
r-devel-linux-x86_64-fedora-gcc | 2.6 | 430.85 | NOTE | |||
r-prerel-macos-arm64 | 2.6 | 97.00 | NOTE | |||
r-prerel-windows-x86_64 | 2.6 | 36.00 | 227.00 | 263.00 | NOTE | |
r-patched-linux-x86_64 | 2.6 | 29.89 | 285.13 | 315.02 | NOTE | |
r-release-linux-x86_64 | 2.6 | 31.10 | 304.34 | 335.44 | NOTE | |
r-release-macos-arm64 | 2.6 | 114.00 | NOTE | |||
r-release-macos-x86_64 | 2.6 | 194.00 | NOTE | |||
r-release-windows-x86_64 | 2.6 | 47.00 | 306.00 | 353.00 | NOTE | |
r-oldrel-macos-arm64 | 2.6 | 87.00 | OK | |||
r-oldrel-windows-x86_64 | 2.6 | 47.00 | 298.00 | 345.00 | OK |
Version: 2.6
Check: C++ specification
Result: NOTE
Specified C++11: please drop specification unless essential
Flavors: r-devel-linux-x86_64-debian-clang, r-devel-linux-x86_64-debian-gcc, r-devel-linux-x86_64-fedora-clang, r-devel-linux-x86_64-fedora-gcc, r-prerel-macos-arm64, r-prerel-windows-x86_64, r-patched-linux-x86_64, r-release-linux-x86_64, r-release-macos-arm64, r-release-macos-x86_64, r-release-windows-x86_64