Last updated on 2023-05-28 16:57:55 CEST.
Flavor | Version | Tinstall | Tcheck | Ttotal | Status | Flags |
---|---|---|---|---|---|---|
r-devel-linux-x86_64-debian-clang | 2.6 | 42.74 | 321.09 | 363.83 | NOTE | |
r-devel-linux-x86_64-debian-gcc | 2.6 | 33.92 | 232.14 | 266.06 | NOTE | |
r-devel-linux-x86_64-fedora-clang | 2.6 | 453.68 | NOTE | |||
r-devel-linux-x86_64-fedora-gcc | 2.6 | 438.80 | NOTE | |||
r-devel-windows-x86_64 | 2.6 | 38.00 | 233.00 | 271.00 | NOTE | |
r-patched-linux-x86_64 | 2.6 | 32.79 | 308.11 | 340.90 | NOTE | |
r-release-linux-x86_64 | 2.6 | 36.32 | 305.83 | 342.15 | NOTE | |
r-release-macos-arm64 | 2.6 | 114.00 | NOTE | |||
r-release-macos-x86_64 | 2.6 | 194.00 | NOTE | |||
r-release-windows-x86_64 | 2.6 | 47.00 | 311.00 | 358.00 | NOTE | |
r-oldrel-macos-arm64 | 2.6 | 87.00 | OK | |||
r-oldrel-macos-x86_64 | 2.6 | 148.00 | OK | |||
r-oldrel-windows-x86_64 | 2.6 | 49.00 | 294.00 | 343.00 | OK |
Version: 2.6
Check: C++ specification
Result: NOTE
Specified C++11: please drop specification unless essential
Flavors: r-devel-linux-x86_64-debian-clang, r-devel-linux-x86_64-debian-gcc, r-devel-linux-x86_64-fedora-clang, r-devel-linux-x86_64-fedora-gcc, r-devel-windows-x86_64, r-patched-linux-x86_64, r-release-linux-x86_64, r-release-macos-arm64, r-release-macos-x86_64, r-release-windows-x86_64