Last updated on 2024-03-28 23:55:13 CET.
Flavor | Version | Tinstall | Tcheck | Ttotal | Status | Flags |
---|---|---|---|---|---|---|
r-devel-linux-x86_64-debian-clang | 0.8-1 | 7.49 | 54.45 | 61.94 | NOTE | |
r-devel-linux-x86_64-debian-gcc | 0.8-1 | 5.51 | 42.55 | 48.06 | NOTE | |
r-devel-linux-x86_64-fedora-clang | 0.8-1 | 75.45 | NOTE | |||
r-devel-linux-x86_64-fedora-gcc | 0.8-1 | 74.95 | NOTE | |||
r-devel-windows-x86_64 | 0.8-1 | 7.00 | 61.00 | 68.00 | NOTE | |
r-patched-linux-x86_64 | 0.8-1 | 6.14 | 53.54 | 59.68 | NOTE | |
r-release-linux-x86_64 | 0.8-1 | 7.43 | 53.00 | 60.43 | OK | |
r-release-macos-arm64 | 0.8-1 | 28.00 | OK | |||
r-release-macos-x86_64 | 0.8-1 | 58.00 | OK | |||
r-release-windows-x86_64 | 0.8-1 | 8.00 | 65.00 | 73.00 | OK | |
r-oldrel-macos-arm64 | 0.8-1 | 29.00 | OK | |||
r-oldrel-windows-x86_64 | 0.8-1 | 9.00 | 77.00 | 86.00 | OK |
Version: 0.8-1
Check: Rd files
Result: NOTE
checkRd: (-1) anova.Rd:19: Lost braces
19 | Returns an object of class code{anova}. These objects represent
| ^
Flavors: r-devel-linux-x86_64-debian-clang, r-devel-linux-x86_64-debian-gcc, r-devel-linux-x86_64-fedora-clang, r-devel-linux-x86_64-fedora-gcc, r-devel-windows-x86_64, r-patched-linux-x86_64