Last updated on 2024-04-24 16:54:38 CEST.
Flavor | Version | Tinstall | Tcheck | Ttotal | Status | Flags |
---|---|---|---|---|---|---|
r-devel-linux-x86_64-debian-clang | 1.0.2 | 4.84 | 91.94 | 96.78 | OK | |
r-devel-linux-x86_64-debian-gcc | 1.0.2 | 3.45 | 64.00 | 67.45 | OK | |
r-devel-linux-x86_64-fedora-clang | 1.0.2 | 116.64 | NOTE | |||
r-devel-linux-x86_64-fedora-gcc | 1.0.2 | 125.74 | OK | |||
r-devel-windows-x86_64 | 1.0.2 | 6.00 | 79.00 | 85.00 | NOTE | |
r-patched-linux-x86_64 | 1.0.2 | 4.08 | 86.69 | 90.77 | OK | |
r-release-linux-x86_64 | 1.0.2 | 2.75 | 82.76 | 85.51 | OK | |
r-release-macos-arm64 | 1.0.2 | 44.00 | NOTE | |||
r-release-macos-x86_64 | 1.0.2 | 136.00 | NOTE | |||
r-release-windows-x86_64 | 1.0.2 | 4.00 | 76.00 | 80.00 | NOTE | |
r-oldrel-macos-arm64 | 1.0.2 | 40.00 | NOTE | |||
r-oldrel-macos-x86_64 | 1.0.2 | 103.00 | NOTE | |||
r-oldrel-windows-x86_64 | 1.0.2 | 6.00 | 90.00 | 96.00 | NOTE |
Version: 1.0.2
Check: installed package size
Result: NOTE
installed size is 5.7Mb
sub-directories of 1Mb or more:
doc 5.5Mb
Flavors: r-devel-linux-x86_64-fedora-clang, r-devel-windows-x86_64, r-release-macos-arm64, r-release-macos-x86_64, r-release-windows-x86_64, r-oldrel-macos-arm64, r-oldrel-macos-x86_64, r-oldrel-windows-x86_64