CRAN Package Check Results for Package nmslibR

Last updated on 2021-10-22 00:50:33 CEST.

Flavor Version Tinstall Tcheck Ttotal Status Flags
r-devel-linux-x86_64-debian-clang 1.0.6 34.88 68.16 103.04 OK
r-devel-linux-x86_64-debian-gcc 1.0.6 26.67 52.91 79.58 OK
r-devel-linux-x86_64-fedora-clang 1.0.6 145.36 OK
r-devel-linux-x86_64-fedora-gcc 1.0.6 128.29 OK
r-devel-windows-x86_64 1.0.6 48.00 114.00 162.00 OK
r-devel-windows-x86_64-gcc10-UCRT 1.0.6 OK
r-patched-linux-x86_64 1.0.6 31.74 65.35 97.09 OK
r-patched-solaris-x86 1.0.6 154.40 OK
r-release-linux-x86_64 1.0.6 30.58 66.11 96.69 OK
r-release-macos-arm64 1.0.6 OK
r-release-macos-x86_64 1.0.6 OK
r-release-windows-ix86+x86_64 1.0.6 61.00 131.00 192.00 NOTE
r-oldrel-macos-x86_64 1.0.6 OK
r-oldrel-windows-ix86+x86_64 1.0.6 86.00 135.00 221.00 NOTE

Check Details

Version: 1.0.6
Check: installed package size
Result: NOTE
     installed size is 5.3Mb
     sub-directories of 1Mb or more:
     libs 2.2Mb
Flavors: r-release-windows-ix86+x86_64, r-oldrel-windows-ix86+x86_64