CRAN Package Check Results for Package nodbi

Last updated on 2021-10-22 00:50:33 CEST.

Flavor Version Tinstall Tcheck Ttotal Status Flags
r-devel-linux-x86_64-debian-clang 0.4.3 4.12 33.59 37.71 OK
r-devel-linux-x86_64-debian-gcc 0.4.3 2.77 26.04 28.81 OK
r-devel-linux-x86_64-fedora-clang 0.4.3 55.51 OK
r-devel-linux-x86_64-fedora-gcc 0.4.3 44.38 OK
r-devel-windows-x86_64 0.4.3 9.00 60.00 69.00 OK
r-devel-windows-x86_64-gcc10-UCRT 0.4.3 OK
r-patched-linux-x86_64 0.4.3 4.08 32.26 36.34 OK
r-patched-solaris-x86 0.4.3 73.80 NOTE
r-release-linux-x86_64 0.4.3 3.76 31.90 35.66 OK
r-release-macos-arm64 0.4.3 OK
r-release-macos-x86_64 0.4.3 OK
r-release-windows-ix86+x86_64 0.4.3 6.00 50.00 56.00 OK
r-oldrel-macos-x86_64 0.4.3 OK
r-oldrel-windows-ix86+x86_64 0.4.3 8.00 53.00 61.00 OK

Check Details

Version: 0.4.3
Check: package dependencies
Result: NOTE
    Package suggested but not available for checking: ‘redux’
Flavor: r-patched-solaris-x86