CRAN Package Check Results for Package nonet

Last updated on 2023-06-07 17:55:44 CEST.

Flavor Version Tinstall Tcheck Ttotal Status Flags
r-devel-linux-x86_64-debian-clang 0.4.0 17.12 231.88 249.00 OK
r-devel-linux-x86_64-debian-gcc 0.4.0 12.82 175.62 188.44 OK
r-devel-linux-x86_64-fedora-clang 0.4.0 319.46 NOTE
r-devel-linux-x86_64-fedora-gcc 0.4.0 299.58 NOTE
r-devel-windows-x86_64 0.4.0 16.00 197.00 213.00 OK
r-patched-linux-x86_64 0.4.0 13.38 221.58 234.96 OK
r-release-linux-x86_64 0.4.0 10.07 219.45 229.52 OK
r-release-macos-arm64 0.4.0 113.00 OK
r-release-macos-x86_64 0.4.0 187.00 OK
r-release-windows-x86_64 0.4.0 18.00 220.00 238.00 OK
r-oldrel-macos-arm64 0.4.0 96.00 NOTE
r-oldrel-macos-x86_64 0.4.0 159.00 NOTE
r-oldrel-windows-x86_64 0.4.0 20.00 242.00 262.00 OK

Check Details

Version: 0.4.0
Check: dependencies in R code
Result: NOTE
    Namespaces in Imports field not imported from:
     ‘dplyr’ ‘e1071’ ‘pROC’ ‘purrr’ ‘randomForest’ ‘rlang’
     All declared Imports should be used.
Flavors: r-devel-linux-x86_64-fedora-clang, r-devel-linux-x86_64-fedora-gcc, r-oldrel-macos-arm64, r-oldrel-macos-x86_64