Last updated on 2023-12-11 00:49:13 CET.
Flavor | Version | Tinstall | Tcheck | Ttotal | Status | Flags |
---|---|---|---|---|---|---|
r-devel-linux-x86_64-debian-clang | 0.2.4 | 11.43 | 161.97 | 173.40 | NOTE | |
r-devel-linux-x86_64-debian-gcc | 0.2.4 | 8.48 | 117.76 | 126.24 | NOTE | |
r-devel-linux-x86_64-fedora-clang | 0.2.4 | 215.41 | NOTE | |||
r-devel-linux-x86_64-fedora-gcc | 0.2.4 | 217.28 | NOTE | |||
r-devel-windows-x86_64 | 0.2.4 | 12.00 | 140.00 | 152.00 | NOTE | |
r-patched-linux-x86_64 | 0.2.4 | 12.16 | 153.68 | 165.84 | OK | |
r-release-linux-x86_64 | 0.2.4 | 10.63 | 154.48 | 165.11 | OK | |
r-release-macos-arm64 | 0.2.4 | 63.00 | OK | |||
r-release-macos-x86_64 | 0.2.4 | 100.00 | OK | |||
r-release-windows-x86_64 | 0.2.4 | 15.00 | 169.00 | 184.00 | OK | |
r-oldrel-macos-arm64 | 0.2.4 | 71.00 | OK | |||
r-oldrel-macos-x86_64 | 0.2.4 | 95.00 | OK | |||
r-oldrel-windows-x86_64 | 0.2.4 | 14.00 | 170.00 | 184.00 | OK |
Version: 0.2.4
Check: Rd files
Result: NOTE
checkRd: (-1) systemPSN.Rd:23: Lost braces
23 | If psn is not available system{base} is used.
| ^
checkRd: (-1) vpcfig.Rd:91: Lost braces
91 | The fy and fx arguments can be used to alter the scale of data plotted. For example, using fy=function(y){log(y+1)}
| ^
Flavors: r-devel-linux-x86_64-debian-clang, r-devel-linux-x86_64-debian-gcc
Version: 0.2.4
Check: Rd \usage sections
Result: NOTE
Documented arguments not in \usage in Rd file 'StatQQVPC.Rd':
‘mapping’ ‘data’ ‘geom’ ‘position’ ‘na.rm’ ‘show.legend’
‘inherit.aes’ ‘...’
Documented arguments not in \usage in Rd file 'StatQQnorm.Rd':
‘mapping’ ‘data’ ‘geom’ ‘position’ ‘na.rm’ ‘show.legend’
‘inherit.aes’ ‘...’
Documented arguments not in \usage in Rd file 'StatQQrefline.Rd':
‘mapping’ ‘data’ ‘geom’ ‘position’ ‘na.rm’ ‘show.legend’
‘inherit.aes’ ‘...’
Documented arguments not in \usage in Rd file 'covload.sub.table.Rd':
‘nrows’
Functions with \usage entries need to have the appropriate \alias
entries, and all their arguments documented.
The \usage entries must correspond to syntactically valid R code.
See chapter ‘Writing R documentation files’ in the ‘Writing R
Extensions’ manual.
Flavors: r-devel-linux-x86_64-debian-clang, r-devel-linux-x86_64-debian-gcc, r-devel-linux-x86_64-fedora-clang, r-devel-linux-x86_64-fedora-gcc, r-devel-windows-x86_64