CRAN Package Check Results for Package nonprobsvy

Last updated on 2024-07-17 08:55:18 CEST.

Flavor Version Tinstall Tcheck Ttotal Status Flags
r-devel-linux-x86_64-debian-clang 0.1.0 62.52 121.14 183.66 OK
r-devel-linux-x86_64-debian-gcc 0.1.0 40.22 89.34 129.56 OK
r-devel-linux-x86_64-fedora-clang 0.1.0 229.15 OK
r-devel-linux-x86_64-fedora-gcc 0.1.0 226.75 OK
r-devel-windows-x86_64 0.1.0 48.00 117.00 165.00 OK
r-patched-linux-x86_64 0.1.0 47.83 116.32 164.15 OK
r-release-linux-x86_64 0.1.0 48.19 117.13 165.32 OK
r-release-macos-arm64 0.1.0 58.00 NOTE
r-release-macos-x86_64 0.1.0 87.00 NOTE
r-release-windows-x86_64 0.1.0 46.00 122.00 168.00 OK
r-oldrel-macos-arm64 0.1.0 62.00 NOTE
r-oldrel-macos-x86_64 0.1.0 156.00 NOTE
r-oldrel-windows-x86_64 0.1.0 57.00 187.00 244.00 OK

Check Details

Version: 0.1.0
Check: installed package size
Result: NOTE installed size is 5.1Mb sub-directories of 1Mb or more: libs 3.1Mb tinytest 1.6Mb Flavors: r-release-macos-arm64, r-release-macos-x86_64, r-oldrel-macos-arm64, r-oldrel-macos-x86_64