CRAN Package Check Results for Package norm

Last updated on 2021-09-21 04:55:23 CEST.

Flavor Version Tinstall Tcheck Ttotal Status Flags
r-devel-linux-x86_64-debian-clang 1.0-9.5 4.00 24.91 28.91 NOTE
r-devel-linux-x86_64-debian-gcc 1.0-9.5 3.21 19.45 22.66 NOTE
r-devel-linux-x86_64-fedora-clang 1.0-9.5 45.27 NOTE
r-devel-linux-x86_64-fedora-gcc 1.0-9.5 34.78 NOTE
r-devel-windows-x86_64 1.0-9.5 6.00 30.00 36.00 NOTE
r-devel-windows-x86_64-gcc10-UCRT 1.0-9.5 ERROR
r-patched-linux-x86_64 1.0-9.5 4.63 24.12 28.75 NOTE
r-patched-solaris-x86 1.0-9.5 53.40 NOTE
r-release-linux-x86_64 1.0-9.5 3.96 24.35 28.31 NOTE
r-release-macos-arm64 1.0-9.5 NOTE
r-release-macos-x86_64 1.0-9.5 NOTE
r-release-windows-ix86+x86_64 1.0-9.5 10.00 33.00 43.00 NOTE
r-oldrel-macos-x86_64 1.0-9.5 NOTE
r-oldrel-windows-ix86+x86_64 1.0-9.5 8.00 33.00 41.00 NOTE

Check Details

Version: 1.0-9.5
Check: DESCRIPTION meta-information
Result: NOTE
    Malformed Description field: should contain one or more complete sentences.
Flavors: r-devel-linux-x86_64-debian-clang, r-devel-linux-x86_64-debian-gcc, r-devel-linux-x86_64-fedora-clang, r-devel-linux-x86_64-fedora-gcc, r-devel-windows-x86_64, r-patched-linux-x86_64, r-patched-solaris-x86, r-release-linux-x86_64, r-release-macos-arm64, r-release-macos-x86_64, r-release-windows-ix86+x86_64, r-oldrel-macos-x86_64, r-oldrel-windows-ix86+x86_64

Version: 1.0-9.5
Check: R code for possible problems
Result: NOTE
    mi.inference: no visible binding for global variable 'var'
    mi.inference: no visible global function definition for 'qt'
    mi.inference: no visible global function definition for 'pt'
    Undefined global functions or variables:
     pt qt var
    Consider adding
     importFrom("stats", "pt", "qt", "var")
    to your NAMESPACE file.
Flavors: r-devel-linux-x86_64-debian-clang, r-devel-linux-x86_64-debian-gcc, r-devel-linux-x86_64-fedora-clang, r-devel-linux-x86_64-fedora-gcc, r-devel-windows-x86_64, r-patched-linux-x86_64, r-patched-solaris-x86, r-release-linux-x86_64, r-release-macos-arm64, r-release-macos-x86_64, r-release-windows-ix86+x86_64, r-oldrel-macos-x86_64, r-oldrel-windows-ix86+x86_64

Version: 1.0-9.5
Check: compiled code
Result: NOTE
    File ‘norm/libs/norm.so’:
     Found no calls to: ‘R_registerRoutines’, ‘R_useDynamicSymbols’
    
    It is good practice to register native routines and to disable symbol
    search.
    
    See ‘Writing portable packages’ in the ‘Writing R Extensions’ manual.
Flavors: r-devel-linux-x86_64-fedora-clang, r-devel-linux-x86_64-fedora-gcc

Version: 1.0-9.5
Check: whether package can be installed
Result: ERROR
    Installation failed.
Flavor: r-devel-windows-x86_64-gcc10-UCRT