CRAN Package Check Results for Package novelforestSG

Last updated on 2021-10-22 04:54:56 CEST.

Flavor Version Tinstall Tcheck Ttotal Status Flags
r-devel-linux-x86_64-debian-clang 1.2.1 1.78 33.40 35.18 OK
r-devel-linux-x86_64-debian-gcc 1.2.1 1.48 26.40 27.88 OK
r-devel-linux-x86_64-fedora-clang 1.2.1 52.46 OK
r-devel-linux-x86_64-fedora-gcc 1.2.1 42.70 OK
r-devel-windows-x86_64 1.2.1 4.00 61.00 65.00 OK
r-devel-windows-x86_64-gcc10-UCRT 1.2.1 NOTE
r-patched-linux-x86_64 1.2.1 1.92 32.43 34.35 OK
r-patched-solaris-x86 1.2.1 68.30 OK
r-release-linux-x86_64 1.2.1 1.70 32.43 34.13 OK
r-release-macos-arm64 1.2.1 OK
r-release-macos-x86_64 1.2.1 OK
r-release-windows-ix86+x86_64 1.2.1 4.00 55.00 59.00 OK
r-oldrel-macos-x86_64 1.2.1 OK
r-oldrel-windows-ix86+x86_64 1.2.1 5.00 57.00 62.00 OK

Check Details

Version: 1.2.1
Check: package dependencies
Result: NOTE
    Package suggested but not available for checking: 'brms'
Flavor: r-devel-windows-x86_64-gcc10-UCRT