CRAN Package Check Results for Package nph

Last updated on 2021-09-25 04:57:43 CEST.

Flavor Version Tinstall Tcheck Ttotal Status Flags
r-devel-linux-x86_64-debian-clang 2.0 5.99 133.58 139.57 NOTE
r-devel-linux-x86_64-debian-gcc 2.0 4.71 101.56 106.27 NOTE
r-devel-linux-x86_64-fedora-clang 2.0 179.71 NOTE
r-devel-linux-x86_64-fedora-gcc 2.0 166.77 NOTE
r-devel-windows-x86_64 2.0 9.00 145.00 154.00 NOTE
r-devel-windows-x86_64-gcc10-UCRT 2.0 NOTE
r-patched-linux-x86_64 2.0 4.93 126.93 131.86 NOTE
r-patched-solaris-x86 2.0 134.20 NOTE
r-release-linux-x86_64 2.0 6.31 126.62 132.93 NOTE
r-release-macos-arm64 2.0 NOTE
r-release-macos-x86_64 2.0 NOTE
r-release-windows-ix86+x86_64 2.0 15.00 147.00 162.00 NOTE
r-oldrel-macos-x86_64 2.0 OK
r-oldrel-windows-ix86+x86_64 2.0 12.00 155.00 167.00 OK

Check Details

Version: 2.0
Check: LazyData
Result: NOTE
     'LazyData' is specified without a 'data' directory
Flavors: r-devel-linux-x86_64-debian-clang, r-devel-linux-x86_64-debian-gcc, r-devel-linux-x86_64-fedora-clang, r-devel-linux-x86_64-fedora-gcc, r-devel-windows-x86_64, r-devel-windows-x86_64-gcc10-UCRT, r-patched-linux-x86_64, r-patched-solaris-x86, r-release-linux-x86_64, r-release-macos-arm64, r-release-macos-x86_64, r-release-windows-ix86+x86_64