Last updated on 2024-04-19 01:04:44 CEST.
Flavor | Version | Tinstall | Tcheck | Ttotal | Status | Flags |
---|---|---|---|---|---|---|
r-devel-linux-x86_64-debian-clang | 0.2.0 | 6.59 | 70.64 | 77.23 | OK | |
r-devel-linux-x86_64-debian-gcc | 0.2.0 | 4.75 | 53.15 | 57.90 | OK | |
r-devel-linux-x86_64-fedora-clang | 0.2.0 | 96.49 | NOTE | |||
r-devel-linux-x86_64-fedora-gcc | 0.2.0 | 101.96 | OK | |||
r-prerel-macos-arm64 | 0.2.0 | 36.00 | OK | |||
r-prerel-windows-x86_64 | 0.2.0 | 8.00 | 75.00 | 83.00 | OK | |
r-patched-linux-x86_64 | 0.2.0 | 9.73 | 68.31 | 78.04 | OK | |
r-release-linux-x86_64 | 0.2.0 | 3.63 | 64.75 | 68.38 | OK | |
r-release-macos-arm64 | 0.2.0 | 123.00 | OK | |||
r-release-macos-x86_64 | 0.2.0 | 58.00 | OK | |||
r-release-windows-x86_64 | 0.2.0 | 8.00 | 86.00 | 94.00 | OK | |
r-oldrel-macos-arm64 | 0.2.0 | 29.00 | OK | |||
r-oldrel-windows-x86_64 | 0.2.0 | 8.00 | 87.00 | 95.00 | OK |
Version: 0.2.0
Check: Rd cross-references
Result: NOTE
Undeclared package ‘tidyselect’ in Rd xrefs
Flavor: r-devel-linux-x86_64-fedora-clang