CRAN Package Check Results for Package nsRFA

Last updated on 2024-02-24 08:49:44 CET.

Flavor Version Tinstall Tcheck Ttotal Status Flags
r-devel-linux-x86_64-debian-clang 0.7-16 33.49 184.90 218.39 OK
r-devel-linux-x86_64-debian-gcc 0.7-16 23.88 138.84 162.72 OK
r-devel-linux-x86_64-fedora-clang 0.7-16 267.26 NOTE
r-devel-linux-x86_64-fedora-gcc 0.7-16 269.62 OK
r-devel-windows-x86_64 0.7-16 39.00 211.00 250.00 OK
r-patched-linux-x86_64 0.7-16 27.63 185.36 212.99 OK
r-release-linux-x86_64 0.7-16 30.17 183.59 213.76 OK
r-release-macos-arm64 0.7-16 100.00 OK
r-release-macos-x86_64 0.7-16 329.00 OK
r-release-windows-x86_64 0.7-16 45.00 207.00 252.00 OK
r-oldrel-macos-arm64 0.7-16 95.00 OK
r-oldrel-windows-x86_64 0.7-16 43.00 252.00 295.00 OK

Check Details

Version: 0.7-16
Check: installed package size
Result: NOTE installed size is 5.0Mb sub-directories of 1Mb or more: doc 1.7Mb libs 2.0Mb Flavor: r-devel-linux-x86_64-fedora-clang