Last updated on 2023-12-09 08:49:50 CET.
Flavor | Version | Tinstall | Tcheck | Ttotal | Status | Flags |
---|---|---|---|---|---|---|
r-devel-linux-x86_64-debian-clang | 0.0.3 | 13.00 | 104.33 | 117.33 | OK | |
r-devel-linux-x86_64-debian-gcc | 0.0.3 | 8.96 | 79.98 | 88.94 | OK | |
r-devel-linux-x86_64-fedora-clang | 0.0.3 | 155.85 | NOTE | |||
r-devel-linux-x86_64-fedora-gcc | 0.0.3 | 150.80 | NOTE | |||
r-devel-windows-x86_64 | 0.0.3 | 12.00 | 92.00 | 104.00 | OK | |
r-patched-linux-x86_64 | 0.0.3 | 12.49 | 103.19 | 115.68 | OK | |
r-release-linux-x86_64 | 0.0.3 | 8.41 | 102.37 | 110.78 | OK | |
r-release-macos-arm64 | 0.0.3 | 70.00 | OK | |||
r-release-macos-x86_64 | 0.0.3 | 82.00 | OK | |||
r-release-windows-x86_64 | 0.0.3 | 16.00 | 111.00 | 127.00 | OK | |
r-oldrel-macos-arm64 | 0.0.3 | 44.00 | NOTE | |||
r-oldrel-macos-x86_64 | 0.0.3 | 80.00 | NOTE | |||
r-oldrel-windows-x86_64 | 0.0.3 | 15.00 | 115.00 | 130.00 | OK |
Version: 0.0.3
Check: dependencies in R code
Result: NOTE
Namespace in Imports field not imported from: ‘xgboost’
All declared Imports should be used.
Flavors: r-devel-linux-x86_64-fedora-clang, r-devel-linux-x86_64-fedora-gcc, r-oldrel-macos-arm64, r-oldrel-macos-x86_64