CRAN Package Check Results for Package nsga3

Last updated on 2021-11-30 20:49:23 CET.

Flavor Version Tinstall Tcheck Ttotal Status Flags
r-devel-linux-x86_64-debian-clang 0.0.3 9.79 95.17 104.96 OK
r-devel-linux-x86_64-debian-gcc 0.0.3 8.12 72.72 80.84 OK
r-devel-linux-x86_64-fedora-clang 0.0.3 137.93 NOTE
r-devel-linux-x86_64-fedora-gcc 0.0.3 124.18 NOTE
r-devel-windows-x86_64-new-UL 0.0.3 21.00 136.00 157.00 OK
r-devel-windows-x86_64-new-TK 0.0.3 NOTE
r-devel-windows-x86_64-old 0.0.3 18.00 89.00 107.00 OK
r-patched-linux-x86_64 0.0.3 10.21 88.61 98.82 OK
r-patched-solaris-x86 0.0.3 196.00 NOTE
r-release-linux-x86_64 0.0.3 10.14 89.44 99.58 OK
r-release-macos-arm64 0.0.3 NOTE
r-release-macos-x86_64 0.0.3 NOTE
r-release-windows-ix86+x86_64 0.0.3 31.00 121.00 152.00 OK
r-oldrel-macos-x86_64 0.0.3 NOTE
r-oldrel-windows-ix86+x86_64 0.0.3 22.00 92.00 114.00 OK

Check Details

Version: 0.0.3
Check: dependencies in R code
Result: NOTE
    Namespace in Imports field not imported from: ‘xgboost’
     All declared Imports should be used.
Flavors: r-devel-linux-x86_64-fedora-clang, r-devel-linux-x86_64-fedora-gcc, r-devel-windows-x86_64-new-TK, r-patched-solaris-x86, r-release-macos-arm64, r-release-macos-x86_64, r-oldrel-macos-x86_64