Last updated on 2024-03-28 23:55:13 CET.
Flavor | Version | Tinstall | Tcheck | Ttotal | Status | Flags |
---|---|---|---|---|---|---|
r-devel-linux-x86_64-debian-clang | 1.0.1 | 49.66 | 46.55 | 96.21 | OK | |
r-devel-linux-x86_64-debian-gcc | 1.0.1 | 35.79 | 36.20 | 71.99 | OK | |
r-devel-linux-x86_64-fedora-clang | 1.0.1 | 154.38 | NOTE | |||
r-devel-linux-x86_64-fedora-gcc | 1.0.1 | 153.95 | NOTE | |||
r-devel-windows-x86_64 | 1.0.1 | 39.00 | 78.00 | 117.00 | OK | |
r-patched-linux-x86_64 | 1.0.1 | 48.43 | 45.69 | 94.12 | OK | |
r-release-linux-x86_64 | 1.0.1 | 50.15 | 43.70 | 93.85 | OK | |
r-release-macos-arm64 | 1.0.1 | 43.00 | OK | |||
r-release-macos-x86_64 | 1.0.1 | 67.00 | OK | |||
r-release-windows-x86_64 | 1.0.1 | 45.00 | 85.00 | 130.00 | OK | |
r-oldrel-macos-arm64 | 1.0.1 | 34.00 | NOTE | |||
r-oldrel-windows-x86_64 | 1.0.1 | 44.00 | 86.00 | 130.00 | OK |
Version: 1.0.1
Check: dependencies in R code
Result: NOTE
Namespace in Imports field not imported from: ‘pedtools’
All declared Imports should be used.
Flavors: r-devel-linux-x86_64-fedora-clang, r-devel-linux-x86_64-fedora-gcc, r-oldrel-macos-arm64