Last updated on 2024-04-19 16:58:50 CEST.
Flavor | Version | Tinstall | Tcheck | Ttotal | Status | Flags |
---|---|---|---|---|---|---|
r-devel-linux-x86_64-debian-clang | 0.1.4 | 2.96 | 37.48 | 40.44 | NOTE | |
r-devel-linux-x86_64-debian-gcc | 0.1.4 | NOTE | ||||
r-devel-linux-x86_64-fedora-clang | 0.1.4 | 54.77 | NOTE | |||
r-devel-linux-x86_64-fedora-gcc | 0.1.4 | 65.01 | NOTE | |||
r-prerel-macos-arm64 | 0.1.4 | 26.00 | NOTE | |||
r-prerel-windows-x86_64 | 0.1.4 | 4.00 | 57.00 | 61.00 | NOTE | |
r-patched-linux-x86_64 | 0.1.4 | 2.79 | 35.08 | 37.87 | NOTE | |
r-release-linux-x86_64 | 0.1.4 | 2.68 | 34.55 | 37.23 | NOTE | |
r-release-macos-arm64 | 0.1.4 | 25.00 | NOTE | |||
r-release-macos-x86_64 | 0.1.4 | 37.00 | NOTE | |||
r-release-windows-x86_64 | 0.1.4 | 3.00 | 57.00 | 60.00 | NOTE | |
r-oldrel-macos-arm64 | 0.1.4 | 21.00 | NOTE | |||
r-oldrel-windows-x86_64 | 0.1.4 | 4.00 | 60.00 | 64.00 | NOTE |
Version: 0.1.4
Check: Rd files
Result: NOTE
checkRd: (-1) xyz2R.Rd:31: Lost braces
31 | \item Finally, code{T} is rotated an angle \code{z} about its NEWEST z-axis.
| ^
Flavors: r-devel-linux-x86_64-debian-clang, r-devel-linux-x86_64-debian-gcc, r-devel-linux-x86_64-fedora-clang, r-devel-linux-x86_64-fedora-gcc, r-prerel-macos-arm64, r-prerel-windows-x86_64, r-patched-linux-x86_64
Version: 0.1.4
Check: LazyData
Result: NOTE
'LazyData' is specified without a 'data' directory
Flavors: r-devel-linux-x86_64-debian-clang, r-devel-linux-x86_64-debian-gcc, r-devel-linux-x86_64-fedora-clang, r-devel-linux-x86_64-fedora-gcc, r-prerel-macos-arm64, r-prerel-windows-x86_64, r-patched-linux-x86_64, r-release-linux-x86_64, r-release-macos-arm64, r-release-macos-x86_64, r-release-windows-x86_64, r-oldrel-macos-arm64, r-oldrel-windows-x86_64