CRAN Package Check Results for Package obfuscatoR

Last updated on 2021-10-24 16:54:11 CEST.

Flavor Version Tinstall Tcheck Ttotal Status Flags
r-devel-linux-x86_64-debian-clang 0.2.1 3.10 30.41 33.51 NOTE
r-devel-linux-x86_64-debian-gcc 0.2.1 2.29 24.07 26.36 NOTE
r-devel-linux-x86_64-fedora-clang 0.2.1 49.00 NOTE
r-devel-linux-x86_64-fedora-gcc 0.2.1 38.66 NOTE
r-devel-windows-x86_64 0.2.1 7.00 53.00 60.00 NOTE
r-devel-windows-x86_64-gcc10-UCRT 0.2.1 NOTE
r-patched-linux-x86_64 0.2.1 2.89 29.60 32.49 NOTE
r-patched-solaris-x86 0.2.1 58.40 NOTE
r-release-linux-x86_64 0.2.1 2.67 29.41 32.08 NOTE
r-release-macos-arm64 0.2.1 NOTE
r-release-macos-x86_64 0.2.1 NOTE
r-release-windows-ix86+x86_64 0.2.1 5.00 53.00 58.00 NOTE
r-oldrel-macos-x86_64 0.2.1 OK
r-oldrel-windows-ix86+x86_64 0.2.1 8.00 53.00 61.00 OK

Check Details

Version: 0.2.1
Check: LazyData
Result: NOTE
     'LazyData' is specified without a 'data' directory
Flavors: r-devel-linux-x86_64-debian-clang, r-devel-linux-x86_64-debian-gcc, r-devel-linux-x86_64-fedora-clang, r-devel-linux-x86_64-fedora-gcc, r-devel-windows-x86_64, r-devel-windows-x86_64-gcc10-UCRT, r-patched-linux-x86_64, r-patched-solaris-x86, r-release-linux-x86_64, r-release-macos-arm64, r-release-macos-x86_64, r-release-windows-ix86+x86_64