CRAN Package Check Results for Package oceanis

Last updated on 2023-05-28 22:00:17 CEST.

Flavor Version Tinstall Tcheck Ttotal Status Flags
r-devel-linux-x86_64-debian-clang 1.8.5 49.75 273.22 322.97 OK
r-devel-linux-x86_64-debian-gcc 1.8.5 37.93 199.23 237.16 OK
r-devel-linux-x86_64-fedora-clang 1.8.5 418.48 NOTE
r-devel-linux-x86_64-fedora-gcc 1.8.5 417.50 OK
r-devel-windows-x86_64 1.8.5 41.00 188.00 229.00 NOTE
r-patched-linux-x86_64 1.8.5 43.46 259.20 302.66 OK
r-release-linux-x86_64 1.8.5 34.15 259.07 293.22 OK
r-release-macos-arm64 1.8.5 106.00 NOTE
r-release-macos-x86_64 1.8.5 175.00 NOTE
r-release-windows-x86_64 1.8.5 55.00 212.00 267.00 NOTE
r-oldrel-macos-arm64 1.8.5 99.00 NOTE
r-oldrel-macos-x86_64 1.8.5 135.00 NOTE
r-oldrel-windows-x86_64 1.8.5 54.00 211.00 265.00 NOTE

Check Details

Version: 1.8.5
Check: installed package size
Result: NOTE
     installed size is 9.6Mb
     sub-directories of 1Mb or more:
     R 1.5Mb
     doc 5.7Mb
     extdata 1.6Mb
Flavors: r-devel-linux-x86_64-fedora-clang, r-devel-windows-x86_64, r-release-macos-arm64, r-release-macos-x86_64, r-release-windows-x86_64, r-oldrel-macos-arm64, r-oldrel-macos-x86_64, r-oldrel-windows-x86_64