Last updated on 2024-04-20 08:51:03 CEST.
Flavor | Version | Tinstall | Tcheck | Ttotal | Status | Flags |
---|---|---|---|---|---|---|
r-devel-linux-x86_64-debian-clang | 1.8.5 | 54.62 | 289.35 | 343.97 | OK | |
r-devel-linux-x86_64-debian-gcc | 1.8.5 | 41.41 | 201.76 | 243.17 | OK | |
r-devel-linux-x86_64-fedora-clang | 1.8.5 | 413.27 | NOTE | |||
r-devel-linux-x86_64-fedora-gcc | 1.8.5 | 401.15 | OK | |||
r-prerel-macos-arm64 | 1.8.5 | 98.00 | NOTE | |||
r-prerel-windows-x86_64 | 1.8.5 | 48.00 | 189.00 | 237.00 | NOTE | |
r-patched-linux-x86_64 | 1.8.5 | 50.40 | 267.07 | 317.47 | OK | |
r-release-linux-x86_64 | 1.8.5 | 46.80 | 267.68 | 314.48 | OK | |
r-release-macos-arm64 | 1.8.5 | 106.00 | NOTE | |||
r-release-macos-x86_64 | 1.8.5 | 175.00 | NOTE | |||
r-release-windows-x86_64 | 1.8.5 | 57.00 | 237.00 | 294.00 | NOTE | |
r-oldrel-macos-arm64 | 1.8.5 | 99.00 | NOTE | |||
r-oldrel-windows-x86_64 | 1.8.5 | 59.00 | 240.00 | 299.00 | NOTE |
Version: 1.8.5
Check: installed package size
Result: NOTE
installed size is 9.5Mb
sub-directories of 1Mb or more:
R 1.5Mb
doc 5.7Mb
extdata 1.6Mb
Flavors: r-devel-linux-x86_64-fedora-clang, r-prerel-macos-arm64, r-prerel-windows-x86_64, r-release-macos-arm64, r-release-macos-x86_64, r-release-windows-x86_64, r-oldrel-macos-arm64, r-oldrel-windows-x86_64