CRAN Package Check Results for Package oceanis

Last updated on 2021-09-26 00:48:48 CEST.

Flavor Version Tinstall Tcheck Ttotal Status Flags
r-devel-linux-x86_64-debian-clang 1.7.5.2 52.50 311.66 364.16 OK
r-devel-linux-x86_64-debian-gcc 1.7.5.2 41.73 223.69 265.42 OK
r-devel-linux-x86_64-fedora-clang 1.7.5.2 461.21 NOTE
r-devel-linux-x86_64-fedora-gcc 1.7.5.2 448.27 NOTE
r-devel-windows-x86_64 1.7.5.2 53.00 255.00 308.00 OK
r-devel-windows-x86_64-gcc10-UCRT 1.7.5.2 NOTE
r-patched-linux-x86_64 1.7.5.2 46.32 294.39 340.71 OK
r-patched-solaris-x86 1.7.5.2 542.80 NOTE
r-release-linux-x86_64 1.7.5.2 40.21 296.15 336.36 OK
r-release-macos-arm64 1.7.5.2 NOTE
r-release-macos-x86_64 1.7.5.2 NOTE
r-release-windows-ix86+x86_64 1.7.5.2 92.00 264.00 356.00 OK
r-oldrel-macos-x86_64 1.7.5.2 NOTE
r-oldrel-windows-ix86+x86_64 1.7.5.2 63.00 259.00 322.00 OK

Check Details

Version: 1.7.5.2
Check: dependencies in R code
Result: NOTE
    Namespace in Imports field not imported from: ‘units’
     All declared Imports should be used.
Flavors: r-devel-linux-x86_64-fedora-clang, r-devel-linux-x86_64-fedora-gcc, r-devel-windows-x86_64-gcc10-UCRT, r-patched-solaris-x86, r-release-macos-arm64, r-release-macos-x86_64, r-oldrel-macos-x86_64

Version: 1.7.5.2
Check: installed package size
Result: NOTE
     installed size is 5.3Mb
     sub-directories of 1Mb or more:
     R 2.0Mb
     extdata 1.9Mb
Flavor: r-release-macos-arm64