Last updated on 2024-03-28 15:49:54 CET.
Flavor | Version | Tinstall | Tcheck | Ttotal | Status | Flags |
---|---|---|---|---|---|---|
r-devel-linux-x86_64-debian-clang | 1.1 | 2.67 | 36.96 | 39.63 | NOTE | |
r-devel-linux-x86_64-debian-gcc | 1.1 | 2.67 | 28.34 | 31.01 | NOTE | |
r-devel-linux-x86_64-fedora-clang | 1.1 | 49.60 | NOTE | |||
r-devel-linux-x86_64-fedora-gcc | 1.1 | 47.93 | NOTE | |||
r-devel-windows-x86_64 | 1.1 | 4.00 | 61.00 | 65.00 | NOTE | |
r-patched-linux-x86_64 | 1.1 | 2.92 | 35.86 | 38.78 | NOTE | |
r-release-linux-x86_64 | 1.1 | 3.82 | 36.17 | 39.99 | OK | |
r-release-macos-arm64 | 1.1 | 20.00 | OK | |||
r-release-macos-x86_64 | 1.1 | 27.00 | OK | |||
r-release-windows-x86_64 | 1.1 | 4.00 | 54.00 | 58.00 | OK | |
r-oldrel-macos-arm64 | 1.1 | 18.00 | OK | |||
r-oldrel-windows-x86_64 | 1.1 | 5.00 | 58.00 | 63.00 | OK |
Version: 1.1
Check: Rd contents
Result: NOTE
Argument items with no description in Rd file 'plot.comphat.Rd':
‘\dots’
Flavors: r-devel-linux-x86_64-debian-clang, r-devel-linux-x86_64-debian-gcc, r-devel-linux-x86_64-fedora-clang, r-devel-linux-x86_64-fedora-gcc, r-devel-windows-x86_64, r-patched-linux-x86_64