Last updated on 2024-04-24 00:55:51 CEST.
Flavor | Version | Tinstall | Tcheck | Ttotal | Status | Flags |
---|---|---|---|---|---|---|
r-devel-linux-x86_64-debian-clang | 0.0.3 | 6.93 | 66.42 | 73.35 | OK | |
r-devel-linux-x86_64-debian-gcc | 0.0.3 | 5.78 | 50.28 | 56.06 | OK | |
r-devel-linux-x86_64-fedora-clang | 0.0.3 | 93.75 | NOTE | |||
r-devel-linux-x86_64-fedora-gcc | 0.0.3 | 87.60 | NOTE | |||
r-prerel-macos-arm64 | 0.0.3 | 28.00 | OK | |||
r-prerel-windows-x86_64 | 0.0.3 | 9.00 | 68.00 | 77.00 | OK | |
r-patched-linux-x86_64 | 0.0.3 | 7.13 | 63.16 | 70.29 | OK | |
r-release-linux-x86_64 | 0.0.3 | 4.30 | 64.27 | 68.57 | OK | |
r-release-macos-arm64 | 0.0.3 | 29.00 | OK | |||
r-release-macos-x86_64 | 0.0.3 | 44.00 | OK | |||
r-release-windows-x86_64 | 0.0.3 | 9.00 | 78.00 | 87.00 | OK | |
r-oldrel-macos-arm64 | 0.0.3 | 26.00 | OK | |||
r-oldrel-windows-x86_64 | 0.0.3 | 10.00 | 82.00 | 92.00 | OK |
Version: 0.0.3
Check: data for non-ASCII characters
Result: NOTE
Note: found 4 marked UTF-8 strings
Flavors: r-devel-linux-x86_64-fedora-clang, r-devel-linux-x86_64-fedora-gcc