Last updated on 2023-06-05 16:55:01 CEST.
Flavor | Version | Tinstall | Tcheck | Ttotal | Status | Flags |
---|---|---|---|---|---|---|
r-devel-linux-x86_64-debian-clang | 2.0.11 | 384.04 | 232.57 | 616.61 | NOTE | |
r-devel-linux-x86_64-debian-gcc | 2.0.11 | 320.87 | 179.97 | 500.84 | NOTE | |
r-devel-linux-x86_64-fedora-clang | 2.0.11 | 759.28 | NOTE | |||
r-devel-linux-x86_64-fedora-gcc | 2.0.11 | 909.70 | NOTE | |||
r-devel-windows-x86_64 | 2.0.11 | 262.00 | 256.00 | 518.00 | NOTE | |
r-patched-linux-x86_64 | 2.0.11 | 345.16 | 211.63 | 556.79 | NOTE | |
r-release-linux-x86_64 | 2.0.11 | 344.66 | 222.13 | 566.79 | NOTE | |
r-release-macos-arm64 | 2.0.11 | 245.00 | NOTE | |||
r-release-macos-x86_64 | 2.0.11 | 421.00 | NOTE | |||
r-release-windows-x86_64 | 2.0.11 | 329.00 | 282.00 | 611.00 | NOTE | |
r-oldrel-macos-arm64 | 2.0.11 | 225.00 | NOTE | |||
r-oldrel-macos-x86_64 | 2.0.11 | 295.00 | NOTE | |||
r-oldrel-windows-x86_64 | 2.0.11 | 323.00 | 261.00 | 584.00 | OK |
Version: 2.0.11
Check: C++ specification
Result: NOTE
Specified C++11: please drop specification unless essential
Flavors: r-devel-linux-x86_64-debian-clang, r-devel-linux-x86_64-debian-gcc, r-devel-linux-x86_64-fedora-clang, r-devel-linux-x86_64-fedora-gcc, r-devel-windows-x86_64, r-patched-linux-x86_64, r-release-linux-x86_64, r-release-macos-arm64, r-release-macos-x86_64, r-release-windows-x86_64
Version: 2.0.11
Check: installed package size
Result: NOTE
installed size is 99.2Mb
sub-directories of 1Mb or more:
libs 98.2Mb
Flavors: r-release-macos-arm64, r-release-macos-x86_64, r-oldrel-macos-arm64, r-oldrel-macos-x86_64