Last updated on 2023-06-08 08:55:28 CEST.
Flavor | Version | Tinstall | Tcheck | Ttotal | Status | Flags |
---|---|---|---|---|---|---|
r-devel-linux-x86_64-debian-clang | 0.0.2 | 1.71 | 25.22 | 26.93 | NOTE | |
r-devel-linux-x86_64-debian-gcc | 0.0.2 | 1.67 | 19.70 | 21.37 | NOTE | |
r-devel-linux-x86_64-fedora-clang | 0.0.2 | 34.47 | NOTE | |||
r-devel-linux-x86_64-fedora-gcc | 0.0.2 | 43.49 | NOTE | |||
r-devel-windows-x86_64 | 0.0.2 | 4.00 | 43.00 | 47.00 | NOTE | |
r-patched-linux-x86_64 | 0.0.2 | 2.37 | 23.61 | 25.98 | NOTE | |
r-release-linux-x86_64 | 0.0.2 | 2.08 | 23.79 | 25.87 | NOTE | |
r-release-macos-arm64 | 0.0.2 | 26.00 | NOTE | |||
r-release-macos-x86_64 | 0.0.2 | 32.00 | NOTE | |||
r-release-windows-x86_64 | 0.0.2 | 4.00 | 42.00 | 46.00 | NOTE | |
r-oldrel-macos-arm64 | 0.0.2 | 17.00 | NOTE | |||
r-oldrel-macos-x86_64 | 0.0.2 | 28.00 | NOTE | |||
r-oldrel-windows-x86_64 | 0.0.2 | 4.00 | 45.00 | 49.00 | NOTE |
Version: 0.0.2
Check: LazyData
Result: NOTE
'LazyData' is specified without a 'data' directory
Flavors: r-devel-linux-x86_64-debian-clang, r-devel-linux-x86_64-debian-gcc, r-devel-linux-x86_64-fedora-clang, r-devel-linux-x86_64-fedora-gcc, r-devel-windows-x86_64, r-patched-linux-x86_64, r-release-linux-x86_64, r-release-macos-arm64, r-release-macos-x86_64, r-release-windows-x86_64, r-oldrel-macos-arm64, r-oldrel-macos-x86_64, r-oldrel-windows-x86_64