Last updated on 2024-04-20 00:56:17 CEST.
Flavor | Version | Tinstall | Tcheck | Ttotal | Status | Flags |
---|---|---|---|---|---|---|
r-devel-linux-x86_64-debian-clang | 1.0.1 | 13.76 | 274.02 | 287.78 | OK | |
r-devel-linux-x86_64-debian-gcc | 1.0.1 | OK | ||||
r-devel-linux-x86_64-fedora-clang | 1.0.1 | 366.61 | NOTE | |||
r-devel-linux-x86_64-fedora-gcc | 1.0.1 | 362.95 | OK | |||
r-prerel-macos-arm64 | 1.0.1 | 124.00 | NOTE | |||
r-prerel-windows-x86_64 | 1.0.1 | 14.00 | 296.00 | 310.00 | NOTE | |
r-patched-linux-x86_64 | 1.0.1 | 9.78 | 265.36 | 275.14 | OK | |
r-release-linux-x86_64 | 1.0.1 | 9.40 | 255.98 | 265.38 | OK | |
r-release-macos-arm64 | 1.0.1 | 132.00 | NOTE | |||
r-release-macos-x86_64 | 1.0.1 | 418.00 | NOTE | |||
r-release-windows-x86_64 | 1.0.1 | 17.00 | 285.00 | 302.00 | NOTE | |
r-oldrel-macos-arm64 | 1.0.1 | 159.00 | NOTE | |||
r-oldrel-windows-x86_64 | 1.0.1 | 19.00 | 289.00 | 308.00 | NOTE |
Version: 1.0.1
Check: installed package size
Result: NOTE
installed size is 6.8Mb
sub-directories of 1Mb or more:
doc 6.1Mb
Flavors: r-devel-linux-x86_64-fedora-clang, r-prerel-macos-arm64, r-prerel-windows-x86_64, r-release-macos-arm64, r-release-macos-x86_64, r-release-windows-x86_64, r-oldrel-macos-arm64, r-oldrel-windows-x86_64