Last updated on 2024-08-17 16:48:17 CEST.
Flavor | Version | Tinstall | Tcheck | Ttotal | Status | Flags |
---|---|---|---|---|---|---|
r-devel-linux-x86_64-debian-clang | 1.2 | 56.95 | 546.02 | 602.97 | OK | |
r-devel-linux-x86_64-debian-gcc | 1.2 | 43.23 | 399.99 | 443.22 | OK | |
r-devel-linux-x86_64-fedora-clang | 1.2 | 975.46 | OK | |||
r-devel-linux-x86_64-fedora-gcc | 1.2 | 931.81 | OK | |||
r-devel-windows-x86_64 | 1.2 | 52.00 | 451.00 | 503.00 | OK | |
r-patched-linux-x86_64 | 1.2 | 49.62 | 521.74 | 571.36 | OK | |
r-release-linux-x86_64 | 1.2 | 53.88 | 521.90 | 575.78 | OK | |
r-release-macos-arm64 | 1.2 | 5.00 | ERROR | |||
r-release-macos-x86_64 | 1.2 | 9.00 | ERROR | |||
r-release-windows-x86_64 | 1.2 | 52.00 | 452.00 | 504.00 | OK | |
r-oldrel-macos-arm64 | 1.2 | 11.00 | ERROR | |||
r-oldrel-macos-x86_64 | 1.2 | 11.00 | ERROR | |||
r-oldrel-windows-x86_64 | 1.2 | 72.00 | 606.00 | 678.00 | OK |
Version: 1.2
Check: package dependencies
Result: ERROR
Packages required but not available:
'TxDb.Hsapiens.UCSC.hg19.knownGene', 'TCGAbiolinks'
See section ‘The DESCRIPTION file’ in the ‘Writing R Extensions’
manual.
Flavors: r-release-macos-arm64, r-release-macos-x86_64
Version: 1.2
Check: package dependencies
Result: ERROR
Package required but not available: ‘TCGAbiolinks’
See section ‘The DESCRIPTION file’ in the ‘Writing R Extensions’
manual.
Flavors: r-oldrel-macos-arm64, r-oldrel-macos-x86_64