CRAN Package Check Results for Package oncrawlR

Last updated on 2023-09-28 01:19:00 CEST.

Flavor Version Tinstall Tcheck Ttotal Status Flags
r-devel-linux-x86_64-debian-clang 0.2.0 4.95 40.97 45.92 NOTE
r-devel-linux-x86_64-debian-gcc 0.2.0 3.28 31.35 34.63 NOTE
r-devel-linux-x86_64-fedora-clang 0.2.0 56.39 NOTE
r-devel-linux-x86_64-fedora-gcc 0.2.0 54.27 NOTE
r-devel-windows-x86_64 0.2.0 6.00 55.00 61.00 NOTE
r-patched-linux-x86_64 0.2.0 3.22 38.84 42.06 NOTE
r-release-linux-x86_64 0.2.0 3.04 39.66 42.70 NOTE
r-release-macos-arm64 0.2.0 24.00 NOTE
r-release-macos-x86_64 0.2.0 30.00 NOTE
r-release-windows-x86_64 0.2.0 7.00 57.00 64.00 NOTE
r-oldrel-macos-arm64 0.2.0 20.00 NOTE
r-oldrel-macos-x86_64 0.2.0 34.00 NOTE
r-oldrel-windows-x86_64 0.2.0 8.00 59.00 67.00 NOTE

Additional issues

donttest

Check Details

Version: 0.2.0
Check: LazyData
Result: NOTE
     'LazyData' is specified without a 'data' directory
Flavors: r-devel-linux-x86_64-debian-clang, r-devel-linux-x86_64-debian-gcc, r-devel-linux-x86_64-fedora-clang, r-devel-linux-x86_64-fedora-gcc, r-devel-windows-x86_64, r-patched-linux-x86_64, r-release-linux-x86_64, r-release-macos-arm64, r-release-macos-x86_64, r-release-windows-x86_64, r-oldrel-macos-arm64, r-oldrel-macos-x86_64, r-oldrel-windows-x86_64

Version: 0.2.0
Check: package dependencies
Result: NOTE
    Imports includes 21 non-default packages.
    Importing from so many packages makes the package vulnerable to any of
    them becoming unavailable. Move as many as possible to Suggests and
    use conditionally.
Flavor: r-devel-linux-x86_64-fedora-clang

Version: 0.2.0
Check: dependencies in R code
Result: NOTE
    Namespaces in Imports field not imported from:
     ‘e1071’ ‘fs’ ‘pdp’
     All declared Imports should be used.
Flavors: r-devel-linux-x86_64-fedora-clang, r-devel-linux-x86_64-fedora-gcc, r-oldrel-macos-arm64, r-oldrel-macos-x86_64