CRAN Package Check Results for Package oncrawlR

Last updated on 2022-09-28 00:52:48 CEST.

Flavor Version Tinstall Tcheck Ttotal Status Flags
r-devel-linux-x86_64-debian-clang 0.2.0 4.14 42.68 46.82 NOTE
r-devel-linux-x86_64-debian-gcc 0.2.0 3.31 32.31 35.62 NOTE
r-devel-linux-x86_64-fedora-clang 0.2.0 74.17 NOTE
r-devel-linux-x86_64-fedora-gcc 0.2.0 68.60 NOTE
r-devel-windows-x86_64 0.2.0 17.00 70.00 87.00 NOTE
r-patched-linux-x86_64 0.2.0 4.30 41.83 46.13 NOTE
r-release-linux-x86_64 0.2.0 3.26 40.49 43.75 NOTE
r-release-macos-arm64 0.2.0 20.00 NOTE
r-release-macos-x86_64 0.2.0 34.00 NOTE
r-release-windows-x86_64 0.2.0 19.00 70.00 89.00 NOTE
r-oldrel-macos-arm64 0.2.0 27.00 NOTE
r-oldrel-macos-x86_64 0.2.0 36.00 NOTE
r-oldrel-windows-ix86+x86_64 0.2.0 14.00 66.00 80.00 NOTE

Check Details

Version: 0.2.0
Check: LazyData
Result: NOTE
     'LazyData' is specified without a 'data' directory
Flavors: r-devel-linux-x86_64-debian-clang, r-devel-linux-x86_64-debian-gcc, r-devel-linux-x86_64-fedora-clang, r-devel-linux-x86_64-fedora-gcc, r-devel-windows-x86_64, r-patched-linux-x86_64, r-release-linux-x86_64, r-release-macos-arm64, r-release-macos-x86_64, r-release-windows-x86_64, r-oldrel-macos-arm64, r-oldrel-macos-x86_64, r-oldrel-windows-ix86+x86_64

Version: 0.2.0
Check: package dependencies
Result: NOTE
    Imports includes 21 non-default packages.
    Importing from so many packages makes the package vulnerable to any of
    them becoming unavailable. Move as many as possible to Suggests and
    use conditionally.
Flavor: r-devel-linux-x86_64-fedora-clang

Version: 0.2.0
Check: dependencies in R code
Result: NOTE
    Namespaces in Imports field not imported from:
     ‘e1071’ ‘fs’ ‘pdp’
     All declared Imports should be used.
Flavors: r-devel-linux-x86_64-fedora-clang, r-devel-linux-x86_64-fedora-gcc, r-release-macos-arm64, r-release-macos-x86_64, r-oldrel-macos-arm64, r-oldrel-macos-x86_64