Last updated on 2023-06-05 16:55:01 CEST.
Flavor | Version | Tinstall | Tcheck | Ttotal | Status | Flags |
---|---|---|---|---|---|---|
r-devel-linux-x86_64-debian-clang | 1.0.0 | 44.45 | 88.87 | 133.32 | NOTE | |
r-devel-linux-x86_64-debian-gcc | 1.0.0 | 31.93 | 65.72 | 97.65 | NOTE | |
r-devel-linux-x86_64-fedora-clang | 1.0.0 | 188.01 | NOTE | |||
r-devel-linux-x86_64-fedora-gcc | 1.0.0 | 192.45 | NOTE | |||
r-devel-windows-x86_64 | 1.0.0 | 41.00 | 132.00 | 173.00 | NOTE | |
r-patched-linux-x86_64 | 1.0.0 | 24.91 | 85.07 | 109.98 | NOTE | |
r-release-linux-x86_64 | 1.0.0 | 28.33 | 82.64 | 110.97 | NOTE | |
r-release-macos-arm64 | 1.0.0 | 7.00 | ERROR | |||
r-release-macos-x86_64 | 1.0.0 | 5.00 | ERROR | |||
r-release-windows-x86_64 | 1.0.0 | 49.00 | 144.00 | 193.00 | NOTE | |
r-oldrel-macos-arm64 | 1.0.0 | 51.00 | NOTE | |||
r-oldrel-macos-x86_64 | 1.0.0 | 89.00 | NOTE | |||
r-oldrel-windows-x86_64 | 1.0.0 | 48.00 | 117.00 | 165.00 | NOTE |
Version: 1.0.0
Check: LazyData
Result: NOTE
'LazyData' is specified without a 'data' directory
Flavors: r-devel-linux-x86_64-debian-clang, r-devel-linux-x86_64-debian-gcc, r-devel-linux-x86_64-fedora-clang, r-devel-linux-x86_64-fedora-gcc, r-devel-windows-x86_64, r-patched-linux-x86_64, r-release-linux-x86_64, r-release-windows-x86_64, r-oldrel-macos-arm64, r-oldrel-macos-x86_64, r-oldrel-windows-x86_64
Version: 1.0.0
Check: for GNU extensions in Makefiles
Result: NOTE
GNU make is a SystemRequirements.
Flavors: r-devel-linux-x86_64-debian-clang, r-devel-linux-x86_64-debian-gcc, r-devel-linux-x86_64-fedora-clang, r-devel-linux-x86_64-fedora-gcc, r-devel-windows-x86_64, r-patched-linux-x86_64, r-release-linux-x86_64, r-release-windows-x86_64, r-oldrel-macos-arm64, r-oldrel-macos-x86_64, r-oldrel-windows-x86_64
Version: 1.0.0
Check: installed package size
Result: NOTE
installed size is 5.5Mb
sub-directories of 1Mb or more:
libs 4.3Mb
Flavors: r-devel-linux-x86_64-fedora-clang, r-devel-windows-x86_64, r-release-windows-x86_64, r-oldrel-macos-arm64, r-oldrel-macos-x86_64, r-oldrel-windows-x86_64
Version: 1.0.0
Check: package dependencies
Result: ERROR
Packages required but not available: 'rhdf5', 'Rhdf5lib'
See section ‘The DESCRIPTION file’ in the ‘Writing R Extensions’
manual.
Flavors: r-release-macos-arm64, r-release-macos-x86_64