Last updated on 2023-10-04 00:58:31 CEST.
Flavor | Version | Tinstall | Tcheck | Ttotal | Status | Flags |
---|---|---|---|---|---|---|
r-devel-linux-x86_64-debian-clang | 3.0.0 | 107.03 | 231.71 | 338.74 | OK | --no-vignettes |
r-devel-linux-x86_64-debian-gcc | 3.0.0 | 78.28 | 173.54 | 251.82 | OK | --no-vignettes |
r-devel-linux-x86_64-fedora-clang | 3.0.0 | 1113.11 | OK | |||
r-devel-linux-x86_64-fedora-gcc | 3.0.0 | 1078.43 | OK | |||
r-devel-windows-x86_64 | 3.0.0 | 76.00 | 566.00 | 642.00 | NOTE | |
r-patched-linux-x86_64 | 3.0.0 | 89.60 | 223.59 | 313.19 | OK | --no-vignettes |
r-release-linux-x86_64 | 3.0.0 | 103.97 | 226.90 | 330.87 | OK | --no-vignettes |
r-release-macos-arm64 | 3.0.0 | 342.00 | OK | |||
r-release-macos-x86_64 | 3.0.0 | 458.00 | OK | |||
r-release-windows-x86_64 | 3.0.0 | 91.00 | 675.00 | 766.00 | NOTE | |
r-oldrel-macos-arm64 | 3.0.0 | 224.00 | OK | |||
r-oldrel-macos-x86_64 | 3.0.0 | 393.00 | OK | |||
r-oldrel-windows-x86_64 | 3.0.0 | 89.00 | 680.00 | 769.00 | OK |
Version: 3.0.0
Check: C++ specification
Result: NOTE
Specified C++11: please drop specification unless essential
Flavors: r-devel-windows-x86_64, r-release-windows-x86_64