CRAN Package Check Results for Package onlineforecast

Last updated on 2021-10-21 16:49:52 CEST.

Flavor Version Tinstall Tcheck Ttotal Status Flags
r-devel-linux-x86_64-debian-clang 1.0.0 47.07 353.43 400.50 OK
r-devel-linux-x86_64-debian-gcc 1.0.0 34.87 253.77 288.64 OK
r-devel-linux-x86_64-fedora-clang 1.0.0 484.89 OK
r-devel-linux-x86_64-fedora-gcc 1.0.0 471.60 OK
r-devel-windows-x86_64 1.0.0 65.00 436.00 501.00 OK
r-devel-windows-x86_64-gcc10-UCRT 1.0.0 OK
r-patched-linux-x86_64 1.0.0 42.77 340.71 383.48 OK
r-patched-solaris-x86 1.0.0 161.80 OK
r-release-linux-x86_64 1.0.0 41.42 335.89 377.31 OK
r-release-macos-arm64 1.0.0 NOTE
r-release-macos-x86_64 1.0.0 NOTE
r-release-windows-ix86+x86_64 1.0.0 80.00 466.00 546.00 NOTE
r-oldrel-macos-x86_64 1.0.0 NOTE
r-oldrel-windows-ix86+x86_64 1.0.0 115.00 622.00 737.00 NOTE

Check Details

Version: 1.0.0
Check: installed package size
Result: NOTE
     installed size is 5.8Mb
     sub-directories of 1Mb or more:
     doc 3.2Mb
     libs 2.0Mb
Flavors: r-release-macos-arm64, r-release-macos-x86_64, r-release-windows-ix86+x86_64, r-oldrel-macos-x86_64, r-oldrel-windows-ix86+x86_64