Last updated on 2024-04-20 08:51:03 CEST.
Flavor | Version | Tinstall | Tcheck | Ttotal | Status | Flags |
---|---|---|---|---|---|---|
r-devel-linux-x86_64-debian-clang | 1.0.0 | 8.22 | 68.13 | 76.35 | OK | |
r-devel-linux-x86_64-debian-gcc | 1.0.0 | 7.64 | 52.25 | 59.89 | OK | |
r-devel-linux-x86_64-fedora-clang | 1.0.0 | 101.27 | NOTE | |||
r-devel-linux-x86_64-fedora-gcc | 1.0.0 | 94.19 | NOTE | |||
r-prerel-macos-arm64 | 1.0.0 | 28.00 | OK | |||
r-prerel-windows-x86_64 | 1.0.0 | 8.00 | 73.00 | 81.00 | OK | |
r-patched-linux-x86_64 | 1.0.0 | 6.36 | 64.53 | 70.89 | OK | |
r-release-linux-x86_64 | 1.0.0 | 5.54 | 66.53 | 72.07 | OK | |
r-release-macos-arm64 | 1.0.0 | 25.00 | OK | |||
r-release-macos-x86_64 | 1.0.0 | 38.00 | OK | |||
r-release-windows-x86_64 | 1.0.0 | 11.00 | 82.00 | 93.00 | OK | |
r-oldrel-macos-arm64 | 1.0.0 | 27.00 | NOTE | |||
r-oldrel-windows-x86_64 | 1.0.0 | 13.00 | 94.00 | 107.00 | OK |
Version: 1.0.0
Check: data for non-ASCII characters
Result: NOTE
Note: found 34 marked UTF-8 strings
Flavors: r-devel-linux-x86_64-fedora-clang, r-devel-linux-x86_64-fedora-gcc, r-oldrel-macos-arm64