Last updated on 2024-03-27 23:59:51 CET.
Flavor | Version | Tinstall | Tcheck | Ttotal | Status | Flags |
---|---|---|---|---|---|---|
r-devel-linux-x86_64-debian-clang | 0.3.5 | 16.23 | 147.28 | 163.51 | OK | |
r-devel-linux-x86_64-debian-gcc | 0.3.5 | 15.03 | 113.14 | 128.17 | OK | |
r-devel-linux-x86_64-fedora-clang | 0.3.5 | 210.20 | OK | |||
r-devel-linux-x86_64-fedora-gcc | 0.3.5 | 202.56 | OK | |||
r-devel-windows-x86_64 | 0.3.5 | 16.00 | 115.00 | 131.00 | OK | |
r-patched-linux-x86_64 | 0.3.5 | 14.17 | 144.03 | 158.20 | OK | |
r-release-linux-x86_64 | 0.3.5 | 12.77 | 142.86 | 155.63 | OK | |
r-release-macos-arm64 | 0.3.5 | 9.00 | ERROR | |||
r-release-macos-x86_64 | 0.3.5 | 8.00 | ERROR | |||
r-release-windows-x86_64 | 0.3.5 | 23.00 | 137.00 | 160.00 | OK | |
r-oldrel-macos-arm64 | 0.3.5 | 11.00 | ERROR | |||
r-oldrel-windows-x86_64 | 0.3.5 | 24.00 | 150.00 | 174.00 | OK |
Version: 0.3.5
Check: package dependencies
Result: ERROR
Package required but not available: ‘mixAK’
See section ‘The DESCRIPTION file’ in the ‘Writing R Extensions’
manual.
Flavors: r-release-macos-arm64, r-release-macos-x86_64, r-oldrel-macos-arm64