Last updated on 2024-04-19 08:54:49 CEST.
Flavor | Version | Tinstall | Tcheck | Ttotal | Status | Flags |
---|---|---|---|---|---|---|
r-devel-linux-x86_64-debian-clang | 1.0.0 | 12.04 | 102.00 | 114.04 | NOTE | |
r-devel-linux-x86_64-debian-gcc | 1.0.0 | NOTE | ||||
r-devel-linux-x86_64-fedora-clang | 1.0.0 | 141.65 | NOTE | |||
r-devel-linux-x86_64-fedora-gcc | 1.0.0 | 137.52 | NOTE | |||
r-prerel-macos-arm64 | 1.0.0 | 48.00 | NOTE | |||
r-prerel-windows-x86_64 | 1.0.0 | 14.00 | 87.00 | 101.00 | NOTE | |
r-patched-linux-x86_64 | 1.0.0 | 7.80 | 99.58 | 107.38 | NOTE | |
r-release-linux-x86_64 | 1.0.0 | 8.24 | 99.43 | 107.67 | NOTE | |
r-release-macos-arm64 | 1.0.0 | 49.00 | NOTE | |||
r-release-macos-x86_64 | 1.0.0 | 75.00 | NOTE | |||
r-release-windows-x86_64 | 1.0.0 | 15.00 | 107.00 | 122.00 | NOTE | |
r-oldrel-macos-arm64 | 1.0.0 | 37.00 | NOTE | |||
r-oldrel-windows-x86_64 | 1.0.0 | 16.00 | 114.00 | 130.00 | NOTE |
Version: 1.0.0
Check: LazyData
Result: NOTE
'LazyData' is specified without a 'data' directory
Flavors: r-devel-linux-x86_64-debian-clang, r-devel-linux-x86_64-debian-gcc, r-devel-linux-x86_64-fedora-clang, r-devel-linux-x86_64-fedora-gcc, r-prerel-macos-arm64, r-prerel-windows-x86_64, r-patched-linux-x86_64, r-release-linux-x86_64, r-release-macos-arm64, r-release-macos-x86_64, r-release-windows-x86_64, r-oldrel-macos-arm64, r-oldrel-windows-x86_64