Last updated on 2023-06-08 08:55:28 CEST.
Flavor | Version | Tinstall | Tcheck | Ttotal | Status | Flags |
---|---|---|---|---|---|---|
r-devel-linux-x86_64-debian-clang | 1.2.3 | 18.55 | 158.38 | 176.93 | OK | |
r-devel-linux-x86_64-debian-gcc | 1.2.3 | 13.75 | 118.50 | 132.25 | OK | |
r-devel-linux-x86_64-fedora-clang | 1.2.3 | 221.13 | NOTE | |||
r-devel-linux-x86_64-fedora-gcc | 1.2.3 | 229.49 | OK | |||
r-devel-windows-x86_64 | 1.2.3 | 23.00 | 155.00 | 178.00 | NOTE | |
r-patched-linux-x86_64 | 1.2.3 | 17.36 | 146.34 | 163.70 | OK | |
r-release-linux-x86_64 | 1.2.3 | 17.60 | 147.76 | 165.36 | OK | |
r-release-macos-arm64 | 1.2.3 | 66.00 | NOTE | |||
r-release-macos-x86_64 | 1.2.3 | 124.00 | NOTE | |||
r-release-windows-x86_64 | 1.2.3 | 25.00 | 186.00 | 211.00 | NOTE | |
r-oldrel-macos-arm64 | 1.2.3 | 52.00 | NOTE | |||
r-oldrel-macos-x86_64 | 1.2.3 | 84.00 | NOTE | |||
r-oldrel-windows-x86_64 | 1.2.3 | 26.00 | 187.00 | 213.00 | NOTE |
Version: 1.2.3
Check: installed package size
Result: NOTE
installed size is 9.4Mb
sub-directories of 1Mb or more:
extdata 9.0Mb
Flavors: r-devel-linux-x86_64-fedora-clang, r-devel-windows-x86_64, r-release-macos-arm64, r-release-macos-x86_64, r-release-windows-x86_64, r-oldrel-macos-arm64, r-oldrel-macos-x86_64, r-oldrel-windows-x86_64