CRAN Package Check Results for Package openalexR

Last updated on 2023-09-23 16:54:07 CEST.

Flavor Version Tinstall Tcheck Ttotal Status Flags
r-devel-linux-x86_64-debian-clang 1.2.1 3.30 39.27 42.57 ERROR
r-devel-linux-x86_64-debian-gcc 1.2.1 2.69 29.52 32.21 ERROR
r-devel-linux-x86_64-fedora-clang 1.2.1 54.54 ERROR
r-devel-linux-x86_64-fedora-gcc 1.2.1 52.07 ERROR
r-devel-windows-x86_64 1.2.1 5.00 62.00 67.00 ERROR
r-patched-linux-x86_64 1.2.1 3.08 38.60 41.68 ERROR
r-release-linux-x86_64 1.2.1 3.26 38.57 41.83 ERROR
r-release-macos-arm64 1.2.1 34.00 OK
r-release-macos-x86_64 1.2.1 43.00 OK
r-release-windows-x86_64 1.2.1 5.00 67.00 72.00 ERROR
r-oldrel-macos-arm64 1.2.1 36.00 OK
r-oldrel-macos-x86_64 1.2.1 50.00 OK
r-oldrel-windows-x86_64 1.2.1 6.00 68.00 74.00 ERROR

Additional issues

M1mac

Check Details

Version: 1.2.1
Check: examples
Result: ERROR
    Running examples in ‘openalexR-Ex.R’ failed
    The error most likely occurred in:
    
    > base::assign(".ptime", proc.time(), pos = "CheckExEnv")
    > ### Name: show_authors
    > ### Title: Simplify the OpenAlex authors result
    > ### Aliases: show_authors
    >
    > ### ** Examples
    >
    >
    > show_authors(oa_fetch(
    + identifier = c("A923435168", "A2208157607"),
    + verbose = TRUE
    + ))
    Requesting url: https://api.openalex.org/authors?filter=openalex%3AA923435168%7CA2208157607
    Warning in oa_fetch(identifier = c("A923435168", "A2208157607"), verbose = TRUE) :
     No collection found!
    Error in x[, c("id", "display_name", "orcid", "works_count", "cited_by_count", :
     incorrect number of dimensions
    Calls: show_authors -> simp_func
    Execution halted
Flavors: r-devel-linux-x86_64-debian-clang, r-devel-linux-x86_64-debian-gcc, r-patched-linux-x86_64, r-release-linux-x86_64

Version: 1.2.1
Check: tests
Result: ERROR
     Running ‘testthat.R’ [8s/17s]
    Running the tests in ‘tests/testthat.R’ failed.
    Complete output:
     > library(testthat)
     > library(openalexR)
     Thank you for using openalexR!
     To acknowledge our work, please cite the package by calling
     `citation("openalexR")`.
     >
     > test_check("openalexR")
     Identifier is missing, please specify filter or search argument.
     [ FAIL 1 | WARN 0 | SKIP 20 | PASS 42 ]
    
     ══ Skipped tests (20) ══════════════════════════════════════════════════════════
     • On CRAN (20): 'test-oa2bibliometrix.R:2:3', 'test-oa_fetch.R:2:3',
     'test-oa_fetch.R:14:3', 'test-oa_fetch.R:25:3', 'test-oa_fetch.R:36:3',
     'test-oa_fetch.R:62:3', 'test-oa_fetch.R:80:3', 'test-oa_fetch.R:100:3',
     'test-oa_fetch.R:107:3', 'test-oa_fetch.R:127:3', 'test-oa_fetch.R:149:3',
     'test-oa_fetch.R:216:3', 'test-oa_fetch.R:280:3', 'test-oa_fetch.R:289:3',
     'test-oa_snowball.R:2:3', 'test-oa_snowball.R:30:3',
     'test-oa_snowball.R:40:3', 'test-oa_snowball.R:57:3', 'test-simplify.R:2:3',
     'test-simplify.R:13:3'
    
     ══ Failed tests ════════════════════════════════════════════════════════════════
     ── Error ('test-oa_fetch.R:337:3'): oa_fetch works with 1 identifier ───────────
     Error: lexical error: invalid char in json text.
     <!doctype html> <html lang=en>
     (right here) ------^
    
     Backtrace:
     ▆
     1. └─openalexR::oa_fetch(identifier = "A1969205032") at test-oa_fetch.R:337:2
     2. └─openalexR::oa_request(...)
     3. └─openalexR:::api_request(query_url, ua, query = query_ls, api_key = api_key)
     4. └─jsonlite::fromJSON(...)
     5. └─jsonlite:::parse_and_simplify(...)
     6. └─jsonlite:::parseJSON(txt, bigint_as_char)
     7. └─jsonlite:::parse_string(txt, bigint_as_char)
    
     [ FAIL 1 | WARN 0 | SKIP 20 | PASS 42 ]
     Error: Test failures
     Execution halted
Flavor: r-devel-linux-x86_64-debian-clang

Version: 1.2.1
Check: tests
Result: ERROR
     Running ‘testthat.R’ [5s/17s]
    Running the tests in ‘tests/testthat.R’ failed.
    Complete output:
     > library(testthat)
     > library(openalexR)
     Thank you for using openalexR!
     To acknowledge our work, please cite the package by calling
     `citation("openalexR")`.
     >
     > test_check("openalexR")
     Identifier is missing, please specify filter or search argument.
     [ FAIL 1 | WARN 0 | SKIP 20 | PASS 42 ]
    
     ══ Skipped tests (20) ══════════════════════════════════════════════════════════
     • On CRAN (20): 'test-oa2bibliometrix.R:2:3', 'test-oa_fetch.R:2:3',
     'test-oa_fetch.R:14:3', 'test-oa_fetch.R:25:3', 'test-oa_fetch.R:36:3',
     'test-oa_fetch.R:62:3', 'test-oa_fetch.R:80:3', 'test-oa_fetch.R:100:3',
     'test-oa_fetch.R:107:3', 'test-oa_fetch.R:127:3', 'test-oa_fetch.R:149:3',
     'test-oa_fetch.R:216:3', 'test-oa_fetch.R:280:3', 'test-oa_fetch.R:289:3',
     'test-oa_snowball.R:2:3', 'test-oa_snowball.R:30:3',
     'test-oa_snowball.R:40:3', 'test-oa_snowball.R:57:3', 'test-simplify.R:2:3',
     'test-simplify.R:13:3'
    
     ══ Failed tests ════════════════════════════════════════════════════════════════
     ── Error ('test-oa_fetch.R:337:3'): oa_fetch works with 1 identifier ───────────
     Error: lexical error: invalid char in json text.
     <!doctype html> <html lang=en>
     (right here) ------^
    
     Backtrace:
     ▆
     1. └─openalexR::oa_fetch(identifier = "A1969205032") at test-oa_fetch.R:337:2
     2. └─openalexR::oa_request(...)
     3. └─openalexR:::api_request(query_url, ua, query = query_ls, api_key = api_key)
     4. └─jsonlite::fromJSON(...)
     5. └─jsonlite:::parse_and_simplify(...)
     6. └─jsonlite:::parseJSON(txt, bigint_as_char)
     7. └─jsonlite:::parse_string(txt, bigint_as_char)
    
     [ FAIL 1 | WARN 0 | SKIP 20 | PASS 42 ]
     Error: Test failures
     Execution halted
Flavor: r-devel-linux-x86_64-debian-gcc

Version: 1.2.1
Check: examples
Result: ERROR
    Running examples in ‘openalexR-Ex.R’ failed
    The error most likely occurred in:
    
    > ### Name: show_authors
    > ### Title: Simplify the OpenAlex authors result
    > ### Aliases: show_authors
    >
    > ### ** Examples
    >
    >
    > show_authors(oa_fetch(
    + identifier = c("A923435168", "A2208157607"),
    + verbose = TRUE
    + ))
    Requesting url: https://api.openalex.org/authors?filter=openalex%3AA923435168%7CA2208157607
    Warning in oa_fetch(identifier = c("A923435168", "A2208157607"), verbose = TRUE) :
     No collection found!
    Error in x[, c("id", "display_name", "orcid", "works_count", "cited_by_count", :
     incorrect number of dimensions
    Calls: show_authors -> simp_func
    Execution halted
Flavors: r-devel-linux-x86_64-fedora-clang, r-devel-linux-x86_64-fedora-gcc, r-devel-windows-x86_64, r-release-windows-x86_64, r-oldrel-windows-x86_64

Version: 1.2.1
Check: tests
Result: ERROR
     Running ‘testthat.R’ [9s/34s]
    Running the tests in ‘tests/testthat.R’ failed.
    Complete output:
     > library(testthat)
     > library(openalexR)
     Thank you for using openalexR!
     To acknowledge our work, please cite the package by calling
     `citation("openalexR")`.
     >
     > test_check("openalexR")
     Identifier is missing, please specify filter or search argument.
     [ FAIL 1 | WARN 0 | SKIP 20 | PASS 42 ]
    
     ══ Skipped tests (20) ══════════════════════════════════════════════════════════
     • On CRAN (20): 'test-oa2bibliometrix.R:2:3', 'test-oa_fetch.R:2:3',
     'test-oa_fetch.R:14:3', 'test-oa_fetch.R:25:3', 'test-oa_fetch.R:36:3',
     'test-oa_fetch.R:62:3', 'test-oa_fetch.R:80:3', 'test-oa_fetch.R:100:3',
     'test-oa_fetch.R:107:3', 'test-oa_fetch.R:127:3', 'test-oa_fetch.R:149:3',
     'test-oa_fetch.R:216:3', 'test-oa_fetch.R:280:3', 'test-oa_fetch.R:289:3',
     'test-oa_snowball.R:2:3', 'test-oa_snowball.R:30:3',
     'test-oa_snowball.R:40:3', 'test-oa_snowball.R:57:3', 'test-simplify.R:2:3',
     'test-simplify.R:13:3'
    
     ══ Failed tests ════════════════════════════════════════════════════════════════
     ── Error ('test-oa_fetch.R:337:3'): oa_fetch works with 1 identifier ───────────
     Error: lexical error: invalid char in json text.
     <!doctype html> <html lang=en>
     (right here) ------^
    
     Backtrace:
     ▆
     1. └─openalexR::oa_fetch(identifier = "A1969205032") at test-oa_fetch.R:337:2
     2. └─openalexR::oa_request(...)
     3. └─openalexR:::api_request(query_url, ua, query = query_ls, api_key = api_key)
     4. └─jsonlite::fromJSON(...)
     5. └─jsonlite:::parse_and_simplify(...)
     6. └─jsonlite:::parseJSON(txt, bigint_as_char)
     7. └─jsonlite:::parse_string(txt, bigint_as_char)
    
     [ FAIL 1 | WARN 0 | SKIP 20 | PASS 42 ]
     Error: Test failures
     Execution halted
Flavor: r-devel-linux-x86_64-fedora-clang

Version: 1.2.1
Check: tests
Result: ERROR
     Running ‘testthat.R’ [9s/15s]
    Running the tests in ‘tests/testthat.R’ failed.
    Complete output:
     > library(testthat)
     > library(openalexR)
     Thank you for using openalexR!
     To acknowledge our work, please cite the package by calling
     `citation("openalexR")`.
     >
     > test_check("openalexR")
     Identifier is missing, please specify filter or search argument.
     [ FAIL 1 | WARN 0 | SKIP 20 | PASS 42 ]
    
     ══ Skipped tests (20) ══════════════════════════════════════════════════════════
     • On CRAN (20): 'test-oa2bibliometrix.R:2:3', 'test-oa_fetch.R:2:3',
     'test-oa_fetch.R:14:3', 'test-oa_fetch.R:25:3', 'test-oa_fetch.R:36:3',
     'test-oa_fetch.R:62:3', 'test-oa_fetch.R:80:3', 'test-oa_fetch.R:100:3',
     'test-oa_fetch.R:107:3', 'test-oa_fetch.R:127:3', 'test-oa_fetch.R:149:3',
     'test-oa_fetch.R:216:3', 'test-oa_fetch.R:280:3', 'test-oa_fetch.R:289:3',
     'test-oa_snowball.R:2:3', 'test-oa_snowball.R:30:3',
     'test-oa_snowball.R:40:3', 'test-oa_snowball.R:57:3', 'test-simplify.R:2:3',
     'test-simplify.R:13:3'
    
     ══ Failed tests ════════════════════════════════════════════════════════════════
     ── Error ('test-oa_fetch.R:337:3'): oa_fetch works with 1 identifier ───────────
     Error: lexical error: invalid char in json text.
     <!doctype html> <html lang=en>
     (right here) ------^
    
     Backtrace:
     ▆
     1. └─openalexR::oa_fetch(identifier = "A1969205032") at test-oa_fetch.R:337:2
     2. └─openalexR::oa_request(...)
     3. └─openalexR:::api_request(query_url, ua, query = query_ls, api_key = api_key)
     4. └─jsonlite::fromJSON(...)
     5. └─jsonlite:::parse_and_simplify(...)
     6. └─jsonlite:::parseJSON(txt, bigint_as_char)
     7. └─jsonlite:::parse_string(txt, bigint_as_char)
    
     [ FAIL 1 | WARN 0 | SKIP 20 | PASS 42 ]
     Error: Test failures
     Execution halted
Flavor: r-devel-linux-x86_64-fedora-gcc

Version: 1.2.1
Check: tests
Result: ERROR
     Running 'testthat.R' [12s]
    Running the tests in 'tests/testthat.R' failed.
    Complete output:
     > library(testthat)
     > library(openalexR)
     Thank you for using openalexR!
     To acknowledge our work, please cite the package by calling
     `citation("openalexR")`.
     >
     > test_check("openalexR")
     Identifier is missing, please specify filter or search argument.
     [ FAIL 1 | WARN 0 | SKIP 20 | PASS 42 ]
    
     ══ Skipped tests (20) ══════════════════════════════════════════════════════════
     • On CRAN (20): 'test-oa2bibliometrix.R:2:3', 'test-oa_fetch.R:2:3',
     'test-oa_fetch.R:14:3', 'test-oa_fetch.R:25:3', 'test-oa_fetch.R:36:3',
     'test-oa_fetch.R:62:3', 'test-oa_fetch.R:80:3', 'test-oa_fetch.R:100:3',
     'test-oa_fetch.R:107:3', 'test-oa_fetch.R:127:3', 'test-oa_fetch.R:149:3',
     'test-oa_fetch.R:216:3', 'test-oa_fetch.R:280:3', 'test-oa_fetch.R:289:3',
     'test-oa_snowball.R:2:3', 'test-oa_snowball.R:30:3',
     'test-oa_snowball.R:40:3', 'test-oa_snowball.R:57:3', 'test-simplify.R:2:3',
     'test-simplify.R:13:3'
    
     ══ Failed tests ════════════════════════════════════════════════════════════════
     ── Error ('test-oa_fetch.R:337:3'): oa_fetch works with 1 identifier ───────────
     Error: lexical error: invalid char in json text.
     <!doctype html> <html lang=en>
     (right here) ------^
    
     Backtrace:
     ▆
     1. └─openalexR::oa_fetch(identifier = "A1969205032") at test-oa_fetch.R:337:2
     2. └─openalexR::oa_request(...)
     3. └─openalexR:::api_request(query_url, ua, query = query_ls, api_key = api_key)
     4. └─jsonlite::fromJSON(...)
     5. └─jsonlite:::parse_and_simplify(...)
     6. └─jsonlite:::parseJSON(txt, bigint_as_char)
     7. └─jsonlite:::parse_string(txt, bigint_as_char)
    
     [ FAIL 1 | WARN 0 | SKIP 20 | PASS 42 ]
     Error: Test failures
     Execution halted
Flavor: r-devel-windows-x86_64

Version: 1.2.1
Check: tests
Result: ERROR
     Running ‘testthat.R’ [8s/15s]
    Running the tests in ‘tests/testthat.R’ failed.
    Complete output:
     > library(testthat)
     > library(openalexR)
     Thank you for using openalexR!
     To acknowledge our work, please cite the package by calling
     `citation("openalexR")`.
     >
     > test_check("openalexR")
     Identifier is missing, please specify filter or search argument.
     [ FAIL 1 | WARN 0 | SKIP 20 | PASS 42 ]
    
     ══ Skipped tests (20) ══════════════════════════════════════════════════════════
     • On CRAN (20): 'test-oa2bibliometrix.R:2:3', 'test-oa_fetch.R:2:3',
     'test-oa_fetch.R:14:3', 'test-oa_fetch.R:25:3', 'test-oa_fetch.R:36:3',
     'test-oa_fetch.R:62:3', 'test-oa_fetch.R:80:3', 'test-oa_fetch.R:100:3',
     'test-oa_fetch.R:107:3', 'test-oa_fetch.R:127:3', 'test-oa_fetch.R:149:3',
     'test-oa_fetch.R:216:3', 'test-oa_fetch.R:280:3', 'test-oa_fetch.R:289:3',
     'test-oa_snowball.R:2:3', 'test-oa_snowball.R:30:3',
     'test-oa_snowball.R:40:3', 'test-oa_snowball.R:57:3', 'test-simplify.R:2:3',
     'test-simplify.R:13:3'
    
     ══ Failed tests ════════════════════════════════════════════════════════════════
     ── Error ('test-oa_fetch.R:337:3'): oa_fetch works with 1 identifier ───────────
     Error: lexical error: invalid char in json text.
     <!doctype html> <html lang=en>
     (right here) ------^
    
     Backtrace:
     ▆
     1. └─openalexR::oa_fetch(identifier = "A1969205032") at test-oa_fetch.R:337:2
     2. └─openalexR::oa_request(...)
     3. └─openalexR:::api_request(query_url, ua, query = query_ls, api_key = api_key)
     4. └─jsonlite::fromJSON(...)
     5. └─jsonlite:::parse_and_simplify(...)
     6. └─jsonlite:::parseJSON(txt, bigint_as_char)
     7. └─jsonlite:::parse_string(txt, bigint_as_char)
    
     [ FAIL 1 | WARN 0 | SKIP 20 | PASS 42 ]
     Error: Test failures
     Execution halted
Flavor: r-patched-linux-x86_64

Version: 1.2.1
Check: tests
Result: ERROR
     Running ‘testthat.R’ [7s/16s]
    Running the tests in ‘tests/testthat.R’ failed.
    Complete output:
     > library(testthat)
     > library(openalexR)
     Thank you for using openalexR!
     To acknowledge our work, please cite the package by calling
     `citation("openalexR")`.
     >
     > test_check("openalexR")
     Identifier is missing, please specify filter or search argument.
     [ FAIL 1 | WARN 0 | SKIP 20 | PASS 42 ]
    
     ══ Skipped tests (20) ══════════════════════════════════════════════════════════
     • On CRAN (20): 'test-oa2bibliometrix.R:2:3', 'test-oa_fetch.R:2:3',
     'test-oa_fetch.R:14:3', 'test-oa_fetch.R:25:3', 'test-oa_fetch.R:36:3',
     'test-oa_fetch.R:62:3', 'test-oa_fetch.R:80:3', 'test-oa_fetch.R:100:3',
     'test-oa_fetch.R:107:3', 'test-oa_fetch.R:127:3', 'test-oa_fetch.R:149:3',
     'test-oa_fetch.R:216:3', 'test-oa_fetch.R:280:3', 'test-oa_fetch.R:289:3',
     'test-oa_snowball.R:2:3', 'test-oa_snowball.R:30:3',
     'test-oa_snowball.R:40:3', 'test-oa_snowball.R:57:3', 'test-simplify.R:2:3',
     'test-simplify.R:13:3'
    
     ══ Failed tests ════════════════════════════════════════════════════════════════
     ── Error ('test-oa_fetch.R:337:3'): oa_fetch works with 1 identifier ───────────
     Error: lexical error: invalid char in json text.
     <!doctype html> <html lang=en>
     (right here) ------^
    
     Backtrace:
     ▆
     1. └─openalexR::oa_fetch(identifier = "A1969205032") at test-oa_fetch.R:337:2
     2. └─openalexR::oa_request(...)
     3. └─openalexR:::api_request(query_url, ua, query = query_ls, api_key = api_key)
     4. └─jsonlite::fromJSON(...)
     5. └─jsonlite:::parse_and_simplify(...)
     6. └─jsonlite:::parseJSON(txt, bigint_as_char)
     7. └─jsonlite:::parse_string(txt, bigint_as_char)
    
     [ FAIL 1 | WARN 0 | SKIP 20 | PASS 42 ]
     Error: Test failures
     Execution halted
Flavor: r-release-linux-x86_64

Version: 1.2.1
Check: tests
Result: ERROR
     Running 'testthat.R' [16s]
    Running the tests in 'tests/testthat.R' failed.
    Complete output:
     > library(testthat)
     > library(openalexR)
     Thank you for using openalexR!
     To acknowledge our work, please cite the package by calling
     `citation("openalexR")`.
     >
     > test_check("openalexR")
     Identifier is missing, please specify filter or search argument.
     [ FAIL 1 | WARN 0 | SKIP 20 | PASS 42 ]
    
     ══ Skipped tests (20) ══════════════════════════════════════════════════════════
     • On CRAN (20): 'test-oa2bibliometrix.R:2:3', 'test-oa_fetch.R:2:3',
     'test-oa_fetch.R:14:3', 'test-oa_fetch.R:25:3', 'test-oa_fetch.R:36:3',
     'test-oa_fetch.R:62:3', 'test-oa_fetch.R:80:3', 'test-oa_fetch.R:100:3',
     'test-oa_fetch.R:107:3', 'test-oa_fetch.R:127:3', 'test-oa_fetch.R:149:3',
     'test-oa_fetch.R:216:3', 'test-oa_fetch.R:280:3', 'test-oa_fetch.R:289:3',
     'test-oa_snowball.R:2:3', 'test-oa_snowball.R:30:3',
     'test-oa_snowball.R:40:3', 'test-oa_snowball.R:57:3', 'test-simplify.R:2:3',
     'test-simplify.R:13:3'
    
     ══ Failed tests ════════════════════════════════════════════════════════════════
     ── Error ('test-oa_fetch.R:337:3'): oa_fetch works with 1 identifier ───────────
     Error: lexical error: invalid char in json text.
     <!doctype html> <html lang=en>
     (right here) ------^
    
     Backtrace:
     ▆
     1. └─openalexR::oa_fetch(identifier = "A1969205032") at test-oa_fetch.R:337:2
     2. └─openalexR::oa_request(...)
     3. └─openalexR:::api_request(query_url, ua, query = query_ls, api_key = api_key)
     4. └─jsonlite::fromJSON(...)
     5. └─jsonlite:::parse_and_simplify(...)
     6. └─jsonlite:::parseJSON(txt, bigint_as_char)
     7. └─jsonlite:::parse_string(txt, bigint_as_char)
    
     [ FAIL 1 | WARN 0 | SKIP 20 | PASS 42 ]
     Error: Test failures
     Execution halted
Flavor: r-release-windows-x86_64

Version: 1.2.1
Check: tests
Result: ERROR
     Running 'testthat.R' [13s]
    Running the tests in 'tests/testthat.R' failed.
    Complete output:
     > library(testthat)
     > library(openalexR)
     Thank you for using openalexR!
     To acknowledge our work, please cite the package by calling
     `citation("openalexR")`.
     >
     > test_check("openalexR")
     Identifier is missing, please specify filter or search argument.
     [ FAIL 1 | WARN 0 | SKIP 20 | PASS 42 ]
    
     ══ Skipped tests (20) ══════════════════════════════════════════════════════════
     • On CRAN (20): 'test-oa2bibliometrix.R:2:3', 'test-oa_fetch.R:2:3',
     'test-oa_fetch.R:14:3', 'test-oa_fetch.R:25:3', 'test-oa_fetch.R:36:3',
     'test-oa_fetch.R:62:3', 'test-oa_fetch.R:80:3', 'test-oa_fetch.R:100:3',
     'test-oa_fetch.R:107:3', 'test-oa_fetch.R:127:3', 'test-oa_fetch.R:149:3',
     'test-oa_fetch.R:216:3', 'test-oa_fetch.R:280:3', 'test-oa_fetch.R:289:3',
     'test-oa_snowball.R:2:3', 'test-oa_snowball.R:30:3',
     'test-oa_snowball.R:40:3', 'test-oa_snowball.R:57:3', 'test-simplify.R:2:3',
     'test-simplify.R:13:3'
    
     ══ Failed tests ════════════════════════════════════════════════════════════════
     ── Error ('test-oa_fetch.R:337:3'): oa_fetch works with 1 identifier ───────────
     Error: lexical error: invalid char in json text.
     <!doctype html> <html lang=en>
     (right here) ------^
    
     Backtrace:
     ▆
     1. └─openalexR::oa_fetch(identifier = "A1969205032") at test-oa_fetch.R:337:2
     2. └─openalexR::oa_request(...)
     3. └─openalexR:::api_request(query_url, ua, query = query_ls, api_key = api_key)
     4. └─jsonlite::fromJSON(...)
     5. └─jsonlite:::parse_and_simplify(...)
     6. └─jsonlite:::parseJSON(txt, bigint_as_char)
     7. └─jsonlite:::parse_string(txt, bigint_as_char)
    
     [ FAIL 1 | WARN 0 | SKIP 20 | PASS 42 ]
     Error: Test failures
     Execution halted
Flavor: r-oldrel-windows-x86_64