Last updated on 2024-04-23 08:58:09 CEST.
Flavor | Version | Tinstall | Tcheck | Ttotal | Status | Flags |
---|---|---|---|---|---|---|
r-devel-linux-x86_64-debian-clang | 0.5.81 | 1.66 | 26.50 | 28.16 | NOTE | |
r-devel-linux-x86_64-debian-gcc | 0.5.81 | 2.18 | 20.36 | 22.54 | NOTE | |
r-devel-linux-x86_64-fedora-clang | 0.5.81 | 35.95 | NOTE | |||
r-devel-linux-x86_64-fedora-gcc | 0.5.81 | 34.64 | NOTE | |||
r-prerel-macos-arm64 | 0.5.81 | 16.00 | NOTE | |||
r-prerel-windows-x86_64 | 0.5.81 | 4.00 | 41.00 | 45.00 | NOTE | |
r-patched-linux-x86_64 | 0.5.81 | 2.74 | 25.19 | 27.93 | NOTE | |
r-release-linux-x86_64 | 0.5.81 | 2.81 | 24.87 | 27.68 | NOTE | |
r-release-macos-arm64 | 0.5.81 | 18.00 | NOTE | |||
r-release-macos-x86_64 | 0.5.81 | 21.00 | NOTE | |||
r-release-windows-x86_64 | 0.5.81 | 4.00 | 43.00 | 47.00 | NOTE | |
r-oldrel-macos-arm64 | 0.5.81 | 15.00 | NOTE | |||
r-oldrel-windows-x86_64 | 0.5.81 | 4.00 | 46.00 | 50.00 | NOTE |
Version: 0.5.81
Check: LazyData
Result: NOTE
'LazyData' is specified without a 'data' directory
Flavors: r-devel-linux-x86_64-debian-clang, r-devel-linux-x86_64-debian-gcc, r-devel-linux-x86_64-fedora-clang, r-devel-linux-x86_64-fedora-gcc, r-prerel-macos-arm64, r-prerel-windows-x86_64, r-patched-linux-x86_64, r-release-linux-x86_64, r-release-macos-arm64, r-release-macos-x86_64, r-release-windows-x86_64, r-oldrel-macos-arm64, r-oldrel-windows-x86_64