CRAN Package Check Results for Package openssl

Last updated on 2021-10-18 08:51:22 CEST.

Flavor Version Tinstall Tcheck Ttotal Status Flags
r-devel-linux-x86_64-debian-clang 1.4.5 11.34 48.86 60.20 OK
r-devel-linux-x86_64-debian-gcc 1.4.5 7.94 37.14 45.08 OK
r-devel-linux-x86_64-fedora-clang 1.4.5 87.83 OK
r-devel-linux-x86_64-fedora-gcc 1.4.5 73.27 OK
r-devel-windows-x86_64 1.4.5 42.00 94.00 136.00 NOTE
r-devel-windows-x86_64-gcc10-UCRT 1.4.5 OK
r-patched-linux-x86_64 1.4.5 10.76 51.94 62.70 OK
r-patched-solaris-x86 1.4.5 125.20 OK
r-release-linux-x86_64 1.4.5 9.38 47.55 56.93 OK
r-release-macos-arm64 1.4.5 NOTE
r-release-macos-x86_64 1.4.5 NOTE
r-release-windows-ix86+x86_64 1.4.5 60.00 131.00 191.00 NOTE
r-oldrel-macos-x86_64 1.4.5 NOTE
r-oldrel-windows-ix86+x86_64 1.4.5 80.00 134.00 214.00 NOTE

Check Details

Version: 1.4.5
Check: installed package size
Result: NOTE
     installed size is 6.3Mb
     sub-directories of 1Mb or more:
     doc 3.0Mb
     libs 2.8Mb
Flavors: r-devel-windows-x86_64, r-release-macos-arm64, r-release-macos-x86_64, r-release-windows-ix86+x86_64, r-oldrel-macos-x86_64, r-oldrel-windows-ix86+x86_64