CRAN Package Check Results for Package openssl

Last updated on 2023-09-26 01:06:29 CEST.

Flavor Version Tinstall Tcheck Ttotal Status Flags
r-devel-linux-x86_64-debian-clang 2.1.0 15.16 78.47 93.63 OK
r-devel-linux-x86_64-debian-gcc 2.1.0 10.65 56.20 66.85 OK
r-devel-linux-x86_64-fedora-clang 2.1.1 109.17 OK
r-devel-linux-x86_64-fedora-gcc 2.1.0 121.66 OK
r-devel-windows-x86_64 2.1.0 51.00 115.00 166.00 NOTE
r-patched-linux-x86_64 2.1.0 16.13 71.57 87.70 OK
r-release-linux-x86_64 2.1.0 14.01 69.84 83.85 OK
r-release-macos-arm64 2.1.1 47.00 NOTE
r-release-macos-x86_64 2.1.1 164.00 NOTE
r-release-windows-x86_64 2.1.0 58.00 129.00 187.00 NOTE
r-oldrel-macos-arm64 2.1.0 42.00 NOTE
r-oldrel-macos-x86_64 2.1.0 52.00 NOTE
r-oldrel-windows-x86_64 2.1.0 48.00 109.00 157.00 NOTE

Check Details

Version: 2.1.0
Check: installed package size
Result: NOTE
     installed size is 7.8Mb
     sub-directories of 1Mb or more:
     doc 2.6Mb
     libs 4.7Mb
Flavors: r-devel-windows-x86_64, r-release-windows-x86_64, r-oldrel-macos-arm64, r-oldrel-macos-x86_64, r-oldrel-windows-x86_64

Version: 2.1.1
Check: installed package size
Result: NOTE
     installed size is 5.9Mb
     sub-directories of 1Mb or more:
     doc 2.6Mb
     libs 2.9Mb
Flavors: r-release-macos-arm64, r-release-macos-x86_64