CRAN Package Check Results for Package opentripplanner

Last updated on 2021-10-20 04:55:28 CEST.

Flavor Version Tinstall Tcheck Ttotal Status Flags
r-devel-linux-x86_64-debian-clang 0.3.1 3.84 36.54 40.38 OK
r-devel-linux-x86_64-debian-gcc 0.3.1 3.02 28.85 31.87 OK
r-devel-linux-x86_64-fedora-clang 0.3.1 60.50 NOTE
r-devel-linux-x86_64-fedora-gcc 0.3.1 50.64 NOTE
r-devel-windows-x86_64 0.3.1 7.00 62.00 69.00 OK
r-devel-windows-x86_64-gcc10-UCRT 0.3.1 NOTE
r-patched-linux-x86_64 0.3.1 4.53 37.23 41.76 OK
r-patched-solaris-x86 0.3.1 71.40 NOTE
r-release-linux-x86_64 0.3.1 3.37 37.68 41.05 OK
r-release-macos-arm64 0.3.1 NOTE
r-release-macos-x86_64 0.3.1 NOTE
r-release-windows-ix86+x86_64 0.3.1 6.00 60.00 66.00 OK
r-oldrel-macos-x86_64 0.3.1 NOTE
r-oldrel-windows-ix86+x86_64 0.3.1 8.00 55.00 63.00 OK

Check Details

Version: 0.3.1
Check: dependencies in R code
Result: NOTE
    Namespace in Imports field not imported from: ‘tibble’
     All declared Imports should be used.
Flavors: r-devel-linux-x86_64-fedora-clang, r-devel-linux-x86_64-fedora-gcc, r-devel-windows-x86_64-gcc10-UCRT, r-patched-solaris-x86, r-release-macos-arm64, r-release-macos-x86_64, r-oldrel-macos-x86_64

Version: 0.3.1
Check: package dependencies
Result: NOTE
    Package suggested but not available for checking: ‘RcppSimdJson’
Flavor: r-patched-solaris-x86