Last updated on 2023-06-05 16:55:01 CEST.
Flavor | Version | Tinstall | Tcheck | Ttotal | Status | Flags |
---|---|---|---|---|---|---|
r-devel-linux-x86_64-debian-clang | 0.7 | 84.64 | 283.17 | 367.81 | OK | |
r-devel-linux-x86_64-debian-gcc | 0.7 | 72.47 | 216.49 | 288.96 | OK | |
r-devel-linux-x86_64-fedora-clang | 0.7 | 461.85 | NOTE | |||
r-devel-linux-x86_64-fedora-gcc | 0.7 | 483.52 | OK | |||
r-devel-windows-x86_64 | 0.7 | 55.00 | 239.00 | 294.00 | NOTE | |
r-patched-linux-x86_64 | 0.7 | 80.73 | 273.65 | 354.38 | OK | |
r-release-linux-x86_64 | 0.7 | 71.07 | 268.52 | 339.59 | OK | |
r-release-macos-arm64 | 0.7 | 133.00 | NOTE | |||
r-release-macos-x86_64 | 0.6 | 229.00 | NOTE | |||
r-release-windows-x86_64 | 0.7 | 63.00 | 287.00 | 350.00 | NOTE | |
r-oldrel-macos-arm64 | 0.7 | 128.00 | NOTE | |||
r-oldrel-macos-x86_64 | 0.7 | 141.00 | NOTE | |||
r-oldrel-windows-x86_64 | 0.7 | 75.00 | 262.00 | 337.00 | NOTE |
Version: 0.7
Check: installed package size
Result: NOTE
installed size is 5.4Mb
sub-directories of 1Mb or more:
doc 1.5Mb
extdata 1.3Mb
Flavors: r-devel-linux-x86_64-fedora-clang, r-devel-windows-x86_64, r-release-macos-arm64, r-release-windows-x86_64, r-oldrel-macos-arm64, r-oldrel-macos-x86_64, r-oldrel-windows-x86_64
Version: 0.6
Check: installed package size
Result: NOTE
installed size is 9.7Mb
sub-directories of 1Mb or more:
doc 1.4Mb
extdata 1.3Mb
libs 5.2Mb
Flavor: r-release-macos-x86_64