Last updated on 2023-05-28 13:57:35 CEST.
Flavor | Version | Tinstall | Tcheck | Ttotal | Status | Flags |
---|---|---|---|---|---|---|
r-devel-linux-x86_64-debian-clang | 1.2.0 | 178.21 | 167.26 | 345.47 | OK | |
r-devel-linux-x86_64-debian-gcc | 1.2.0 | 155.32 | 125.88 | 281.20 | OK | |
r-devel-linux-x86_64-fedora-clang | 1.2.0 | 453.15 | NOTE | |||
r-devel-linux-x86_64-fedora-gcc | 1.2.0 | 503.80 | NOTE | |||
r-devel-windows-x86_64 | 1.2.0 | 127.00 | 153.00 | 280.00 | NOTE | |
r-patched-linux-x86_64 | 1.2.0 | 160.54 | 158.50 | 319.04 | OK | |
r-release-linux-x86_64 | 1.2.0 | 158.87 | 159.23 | 318.10 | OK | |
r-release-macos-arm64 | 1.2.0 | 120.00 | NOTE | |||
r-release-macos-x86_64 | 1.2.0 | 212.00 | NOTE | |||
r-release-windows-x86_64 | 1.2.0 | 162.00 | 189.00 | 351.00 | NOTE | |
r-oldrel-macos-arm64 | 1.2.0 | 102.00 | NOTE | |||
r-oldrel-macos-x86_64 | 1.2.0 | 140.00 | NOTE | |||
r-oldrel-windows-x86_64 | 1.2.0 | 150.00 | 179.00 | 329.00 | NOTE |
Version: 1.2.0
Check: dependencies in R code
Result: NOTE
Namespace in Imports field not imported from: ‘Rdpack’
All declared Imports should be used.
Flavors: r-devel-linux-x86_64-fedora-clang, r-devel-linux-x86_64-fedora-gcc, r-oldrel-macos-arm64, r-oldrel-macos-x86_64
Version: 1.2.0
Check: installed package size
Result: NOTE
installed size is 5.1Mb
sub-directories of 1Mb or more:
extdata 2.1Mb
libs 1.4Mb
Flavors: r-devel-windows-x86_64, r-release-macos-arm64, r-release-macos-x86_64, r-release-windows-x86_64, r-oldrel-macos-arm64, r-oldrel-macos-x86_64, r-oldrel-windows-x86_64