Last updated on 2023-06-09 10:04:19 CEST.
Flavor | Version | Tinstall | Tcheck | Ttotal | Status | Flags |
---|---|---|---|---|---|---|
r-devel-linux-x86_64-debian-clang | 1.0.4 | 243.34 | 186.19 | 429.53 | NOTE | |
r-devel-linux-x86_64-debian-gcc | 1.0.4 | 192.27 | 141.51 | 333.78 | NOTE | |
r-devel-linux-x86_64-fedora-clang | 1.0.4 | 680.23 | NOTE | |||
r-devel-linux-x86_64-fedora-gcc | 1.0.4 | 669.19 | NOTE | |||
r-devel-windows-x86_64 | 1.0.4 | 193.00 | 200.00 | 393.00 | NOTE | |
r-patched-linux-x86_64 | 1.0.4 | 206.26 | 172.95 | 379.21 | NOTE | |
r-release-linux-x86_64 | 1.0.4 | 175.74 | 176.10 | 351.84 | NOTE | |
r-release-macos-arm64 | 1.0.4 | 155.00 | NOTE | |||
r-release-macos-x86_64 | 1.0.4 | 295.00 | NOTE | |||
r-release-windows-x86_64 | 1.0.4 | 251.00 | 237.00 | 488.00 | NOTE | |
r-oldrel-macos-arm64 | 1.0.4 | 138.00 | NOTE | |||
r-oldrel-macos-x86_64 | 1.0.4 | 177.00 | NOTE | |||
r-oldrel-windows-x86_64 | 1.0.4 | 243.00 | 210.00 | 453.00 | NOTE |
Version: 1.0.4
Check: package dependencies
Result: NOTE
Package suggested but not available for checking: ‘gurobi’
Flavors: r-devel-linux-x86_64-debian-clang, r-devel-linux-x86_64-debian-gcc, r-devel-linux-x86_64-fedora-clang, r-devel-linux-x86_64-fedora-gcc, r-devel-windows-x86_64, r-patched-linux-x86_64, r-release-linux-x86_64, r-release-macos-x86_64, r-release-windows-x86_64, r-oldrel-macos-arm64, r-oldrel-macos-x86_64, r-oldrel-windows-x86_64
Version: 1.0.4
Check: C++ specification
Result: NOTE
Specified C++11: please drop specification unless essential
Flavors: r-devel-linux-x86_64-debian-clang, r-devel-linux-x86_64-debian-gcc, r-devel-linux-x86_64-fedora-clang, r-devel-linux-x86_64-fedora-gcc, r-devel-windows-x86_64, r-patched-linux-x86_64, r-release-linux-x86_64, r-release-macos-arm64, r-release-macos-x86_64, r-release-windows-x86_64
Version: 1.0.4
Check: package dependencies
Result: NOTE
Packages suggested but not available for checking: 'gurobi', 'lpsymphony'
Flavor: r-release-macos-arm64
Version: 1.0.4
Check: installed package size
Result: NOTE
installed size is 8.2Mb
sub-directories of 1Mb or more:
libs 6.6Mb
Flavors: r-release-macos-arm64, r-release-macos-x86_64, r-oldrel-macos-arm64, r-oldrel-macos-x86_64