Last updated on 2024-04-23 08:58:10 CEST.
Flavor | Version | Tinstall | Tcheck | Ttotal | Status | Flags |
---|---|---|---|---|---|---|
r-devel-linux-x86_64-debian-clang | 1.0.1 | 13.23 | 87.90 | 101.13 | NOTE | |
r-devel-linux-x86_64-debian-gcc | 1.0.1 | 10.51 | 65.87 | 76.38 | NOTE | |
r-devel-linux-x86_64-fedora-clang | 1.0.1 | 126.44 | NOTE | |||
r-devel-linux-x86_64-fedora-gcc | 1.0.1 | 119.64 | NOTE | |||
r-prerel-macos-arm64 | 1.0.1 | 47.00 | OK | |||
r-prerel-windows-x86_64 | 1.0.1 | 11.00 | 81.00 | 92.00 | OK | |
r-patched-linux-x86_64 | 1.0.1 | 14.06 | 83.58 | 97.64 | NOTE | |
r-release-linux-x86_64 | 1.0.1 | 12.57 | 83.46 | 96.03 | NOTE | |
r-release-macos-arm64 | 1.0.1 | 42.00 | OK | |||
r-release-macos-x86_64 | 1.0.1 | 66.00 | OK | |||
r-release-windows-x86_64 | 1.0.1 | 13.00 | 92.00 | 105.00 | OK | |
r-oldrel-macos-arm64 | 1.0.1 | 40.00 | OK | |||
r-oldrel-windows-x86_64 | 1.0.1 | 13.00 | 97.00 | 110.00 | OK |
Version: 1.0.1
Check: for non-standard things in the check directory
Result: NOTE
Found the following files/directories:
‘Graph_layout_Doptbd_trtE’
Flavors: r-devel-linux-x86_64-debian-clang, r-devel-linux-x86_64-debian-gcc, r-devel-linux-x86_64-fedora-clang, r-devel-linux-x86_64-fedora-gcc, r-patched-linux-x86_64, r-release-linux-x86_64