CRAN Package Check Results for Package optiSel

Last updated on 2021-10-21 08:50:59 CEST.

Flavor Version Tinstall Tcheck Ttotal Status Flags
r-devel-linux-x86_64-debian-clang 2.0.5 151.29 246.03 397.32 OK
r-devel-linux-x86_64-debian-gcc 2.0.5 124.00 188.19 312.19 OK
r-devel-linux-x86_64-fedora-clang 2.0.5 556.83 NOTE
r-devel-linux-x86_64-fedora-gcc 2.0.5 523.24 OK
r-devel-windows-x86_64 2.0.5 226.00 311.00 537.00 OK
r-devel-windows-x86_64-gcc10-UCRT 2.0.5 OK
r-patched-linux-x86_64 2.0.5 147.92 240.41 388.33 OK
r-patched-solaris-x86 2.0.5 499.00 OK
r-release-linux-x86_64 2.0.5 144.34 241.17 385.51 OK
r-release-macos-arm64 2.0.5 NOTE
r-release-macos-x86_64 2.0.5 NOTE
r-release-windows-ix86+x86_64 2.0.5 308.00 398.00 706.00 NOTE
r-oldrel-macos-x86_64 2.0.5 NOTE
r-oldrel-windows-ix86+x86_64 2.0.5 417.00 378.00 795.00 NOTE

Check Details

Version: 2.0.5
Check: installed package size
Result: NOTE
     installed size is 5.5Mb
     sub-directories of 1Mb or more:
     extdata 1.8Mb
     libs 2.6Mb
Flavors: r-devel-linux-x86_64-fedora-clang, r-release-macos-arm64, r-release-macos-x86_64, r-release-windows-ix86+x86_64, r-oldrel-macos-x86_64, r-oldrel-windows-ix86+x86_64

Version: 2.0.5
Check: Rd cross-references
Result: NOTE
    Undeclared packages ‘alabama’, ‘cccp’, ‘nloptr’ in Rd xrefs
Flavor: r-devel-linux-x86_64-fedora-clang