Last updated on 2023-05-28 22:00:17 CEST.
Flavor | Version | Tinstall | Tcheck | Ttotal | Status | Flags |
---|---|---|---|---|---|---|
r-devel-linux-x86_64-debian-clang | 2.0.7 | 187.84 | 288.65 | 476.49 | OK | |
r-devel-linux-x86_64-debian-gcc | 2.0.7 | 145.23 | 220.57 | 365.80 | OK | |
r-devel-linux-x86_64-fedora-clang | 2.0.7 | 704.58 | OK | |||
r-devel-linux-x86_64-fedora-gcc | 2.0.7 | 633.30 | OK | |||
r-devel-windows-x86_64 | 2.0.7 | 145.00 | 252.00 | 397.00 | OK | |
r-patched-linux-x86_64 | 2.0.7 | 133.24 | 274.30 | 407.54 | OK | |
r-release-linux-x86_64 | 2.0.7 | 147.00 | 273.77 | 420.77 | OK | |
r-release-macos-arm64 | 2.0.7 | 166.00 | NOTE | |||
r-release-macos-x86_64 | 2.0.6 | 301.00 | NOTE | |||
r-release-windows-x86_64 | 2.0.7 | 186.00 | 310.00 | 496.00 | OK | |
r-oldrel-macos-arm64 | 2.0.7 | 147.00 | NOTE | |||
r-oldrel-macos-x86_64 | 2.0.7 | 201.00 | NOTE | |||
r-oldrel-windows-x86_64 | 2.0.7 | 179.00 | 308.00 | 487.00 | OK |
Version: 2.0.7
Check: installed package size
Result: NOTE
installed size is 6.1Mb
sub-directories of 1Mb or more:
extdata 1.8Mb
libs 3.2Mb
Flavors: r-release-macos-arm64, r-oldrel-macos-arm64, r-oldrel-macos-x86_64
Version: 2.0.6
Check: installed package size
Result: NOTE
installed size is 5.9Mb
sub-directories of 1Mb or more:
extdata 1.8Mb
libs 3.0Mb
Flavor: r-release-macos-x86_64