Last updated on 2023-09-28 16:54:26 CEST.
Flavor | Version | Tinstall | Tcheck | Ttotal | Status | Flags |
---|---|---|---|---|---|---|
r-devel-linux-x86_64-debian-clang | 1.0 | 10.99 | 100.77 | 111.76 | OK | |
r-devel-linux-x86_64-debian-gcc | 1.0 | 8.67 | 76.16 | 84.83 | OK | |
r-devel-linux-x86_64-fedora-clang | 1.0 | 136.03 | NOTE | |||
r-devel-linux-x86_64-fedora-gcc | 1.0 | 139.27 | NOTE | |||
r-devel-windows-x86_64 | 1.0 | 10.00 | 92.00 | 102.00 | OK | |
r-patched-linux-x86_64 | 1.0 | 9.11 | 97.38 | 106.49 | OK | |
r-release-linux-x86_64 | 1.0 | 6.99 | 98.82 | 105.81 | OK | |
r-release-macos-arm64 | 1.0 | 48.00 | OK | |||
r-release-macos-x86_64 | 1.0 | 72.00 | OK | |||
r-release-windows-x86_64 | 1.0 | 14.00 | 99.00 | 113.00 | OK | |
r-oldrel-macos-arm64 | 1.0 | 44.00 | NOTE | |||
r-oldrel-macos-x86_64 | 1.0 | 73.00 | NOTE | |||
r-oldrel-windows-x86_64 | 1.0 | 14.00 | 110.00 | 124.00 | OK |
Version: 1.0
Check: dependencies in R code
Result: NOTE
Namespace in Imports field not imported from: ‘Matrix’
All declared Imports should be used.
Flavors: r-devel-linux-x86_64-fedora-clang, r-devel-linux-x86_64-fedora-gcc, r-oldrel-macos-arm64, r-oldrel-macos-x86_64